{"id":95,"date":"2016-06-17T06:36:27","date_gmt":"2016-06-17T06:36:27","guid":{"rendered":"http:\/\/sicherewiesn.de\/wordpress\/?page_id=95"},"modified":"2025-08-06T14:36:36","modified_gmt":"2025-08-06T14:36:36","slug":"infos-zu-k-o-tropfen","status":"publish","type":"page","link":"https:\/\/sicherewiesn.de\/wordpress\/vorbeugen\/infos-zu-k-o-tropfen\/","title":{"rendered":"Informationen zu K.O.-Tropfen"},"content":{"rendered":"\n<p><em><strong>NEU 2025<\/strong>: Unseren neuen Flyer zum Thema K.O.-Tropfen kannst du hier ansehen und herunterladen. Schicke gerne eine Anfrage an info@sicherewiesn.de, um Printversionen zu erhalten.<\/em><\/p>\n\n\n\n<div data-wp-interactive=\"core\/file\" class=\"wp-block-file\"><object data-wp-bind--hidden=\"!state.hasPdfPreview\" hidden class=\"wp-block-file__embed\" data=\"https:\/\/sicherewiesn.de\/wordpress\/wp-content\/uploads\/2025\/08\/SW_2025_Flyer_KO-Tropfen_98x98_03-1.pdf\" type=\"application\/pdf\" style=\"width:100%;height:600px\" aria-label=\"Einbettung von SW_2025_Flyer_KO-Tropfen_98x98_03.\"><\/object><a id=\"wp-block-file--media-46c99912-9671-4a69-bd25-8f4747a6cdfd\" href=\"https:\/\/sicherewiesn.de\/wordpress\/wp-content\/uploads\/2025\/08\/SW_2025_Flyer_KO-Tropfen_98x98_03-1.pdf\">SW_2025_Flyer_KO-Tropfen_98x98_03<\/a><a href=\"https:\/\/sicherewiesn.de\/wordpress\/wp-content\/uploads\/2025\/08\/SW_2025_Flyer_KO-Tropfen_98x98_03-1.pdf\" class=\"wp-block-file__button wp-element-button\" download aria-describedby=\"wp-block-file--media-46c99912-9671-4a69-bd25-8f4747a6cdfd\">Herunterladen<\/a><\/div>\n\n\n\n<p>In unserer Beratungsarbeit am Safe Space auf der Wiesn sind wir immer wieder mit Verdachtsf\u00e4llen von K.O.-Tropfen konfrontiert. Deshalb wollen wir an dieser Stelle dar\u00fcber informieren.<\/p>\n\n\n\n<h2 class=\"wp-block-heading\">&nbsp;<strong>Was sind K.O.-Tropfen?<\/strong><\/h2>\n\n\n\n<ul class=\"wp-block-list\">\n<li>Die sogenannten K.O.-Tropfen sind Medikamente mit narkotisierender (d.h.: bet\u00e4ubender) Wirkung. Sie werden auch als Schlaf- und Beruhigungsmittel eingesetzt.<\/li>\n\n\n\n<li>Verschiedene Substanzen werden mit dem Sammelbegriff K.O.-Tropfen bezeichnet, z.B.:<\/li>\n\n\n\n<li>GHB (Gamma-Hydroxy-Butters\u00e4ure) \u2013 \u201eLiquid Ecstasy\u201d<\/li>\n\n\n\n<li>Butyrolacton und Butandiol (ist z.B. in Industriereinigungs- und L\u00f6sungsmitteln enthalten)<\/li>\n\n\n\n<li>Die Substanzen werden in Getr\u00e4nke gemischt oder per Spritzen verabreicht.<\/li>\n\n\n\n<li>Da sie farb-, geruch- und gr\u00f6\u00dftenteils geschmacklos sind, k\u00f6nnen K.O.-Tropfen leicht ins Essen oder Trinken gemischt werden. Das bedeutet, dass du am Geschmack, am Geruch oder an der Farbe deines Getr\u00e4nks nicht erkennen kannst, wenn jemand K.O.-Tropfen hineingemischt hat!<strong><br><\/strong><\/li>\n<\/ul>\n\n\n\n<hr class=\"wp-block-separator has-alpha-channel-opacity\"\/>\n\n\n\n<h2 class=\"wp-block-heading\"><strong>W<\/strong>ie wirken K.O.-Tropfen?<\/h2>\n\n\n\n<p>Je nach Dosierung und Art k\u00f6nnen K.O. Tropfen sehr unterschiedliche Wirkungen haben.<\/p>\n\n\n\n<p><strong>Akute Wirkung:<\/strong><\/p>\n\n\n\n<ul class=\"wp-block-list\">\n<li>Sehr unauff\u00e4llig: Person wirkt teilnahmslos<\/li>\n\n\n\n<li>\u00dcbertrieben flirty oder sehr auff\u00e4lliges Verhalten<\/li>\n\n\n\n<li>Scheinbar sehr betrunkener Zustand, auch bei wenig Alkoholkonsum<\/li>\n\n\n\n<li>K\u00f6rperlich sehr schlechter, schwacher Zustand<\/li>\n\n\n\n<li>Orientierungsloser, nicht mehr zurechnungsf\u00e4higer Zustand<\/li>\n\n\n\n<li>Eventuell sogar Ohnmacht<\/li>\n\n\n\n<li>Aufwachen an einem anderen Ort, ohne zu wissen, wie man dorthin gekommen ist<\/li>\n<\/ul>\n\n\n\n<p><strong>Folgewirkungen am n\u00e4chsten Tag\/ in den n\u00e4chsten Tagen:<\/strong><\/p>\n\n\n\n<ul class=\"wp-block-list\">\n<li>mehrst\u00fcndiger \u201cFilmriss\u201d oder \u201cBlackout\u201d, d.h. Betroffene k\u00f6nnen sich nicht oder nur teilweise daran erinnern, was geschehen ist.<\/li>\n\n\n\n<li>Kopfschmerzen, \u00dcbelkeit, Erbrechen<\/li>\n\n\n\n<li>Wortfindungsst\u00f6rungen, keinen klaren Gedanken fassen k\u00f6nnen<\/li>\n\n\n\n<li>Selbstzweifel (\u201eHabe ich zu viel getrunken?\u201c) und ein \u201eungutes Gef\u00fchl\u201c bedingt durch den Filmriss<\/li>\n<\/ul>\n\n\n\n<p><strong>K.O.-Tropfen wirken ca. 10-30 Minuten nach der Verabreichung. Die Wirkung kann bis zu mehreren Stunden anhalten.<\/strong><\/p>\n\n\n\n<p>Da K.O.-Tropfen meist im Nachhinein zu Ged\u00e4chtnisl\u00fccken f\u00fchren, gibt es T\u00e4ter (T\u00e4terinnen), die sie bei geplanten sexuellen \u00dcbergriffen anwenden. Da sich die betroffene Person an das Geschehen nicht erinnern kann, k\u00f6nnen T\u00e4ter*innen davon ausgehen, \u201eanonym\u201c und straffrei zu bleiben. Der Fachausdruck daf\u00fcr lautet \u201eDrug Faciliated Sexual Assault\u201c (DFSA), also durch K.O.-Tropfen bedingte Erm\u00f6glichung einer Sexualstraftat.<\/p>\n\n\n\n<p><strong>Betroffene sind leicht manipulierbar, T\u00e4ter*innen haben also die M\u00f6glichkeit, Kontakt zu ihnen aufzunehmen, ihnen Hilfe anzubieten und sie an einen anderen Ort zu bringen, der die Aus\u00fcbung sexualisierter Gewalt beg\u00fcnstigt.<\/strong><\/p>\n\n\n\n<p>Au\u00dfenstehende verwechseln die Wirkung von K.O.-Tropfen leicht mit den Folgen von \u00fcberm\u00e4\u00dfigem Alkoholkonsum. Bei einer nur geringen Dosierung merkt man manchmal von au\u00dfen kaum etwas, da die betroffene Person v\u00f6llig \u201cfit\u201d wirkt.<\/p>\n\n\n\n<hr class=\"wp-block-separator has-alpha-channel-opacity\"\/>\n\n\n\n<h2 class=\"wp-block-heading\">Darauf solltest du achten:<\/h2>\n\n\n\n<p><strong>Vorab-Hinweis: Uns ist es wichtig zu betonen, dass die Verantwortung f\u00fcr die Verabreichung von K.O.-Tropfen immer bei den T\u00e4tern (T\u00e4terinnen) liegt. Betroffene k\u00f6nnen sich niemals vollst\u00e4ndig davor sch\u00fctzen. Dennoch wollen wir die untenstehenden Hinweise hier stehen lassen, da sie hilfreich sein k\u00f6nnen. <\/strong><\/p>\n\n\n\n<ul class=\"wp-block-list\">\n<li>Das Hilfreichste ist, wenn du und deine Freund*innen euch nicht allein lasst, sondern auf einander achtet. Bringt betroffene Freund*innen nach Hause.<\/li>\n\n\n\n<li>Behalte&nbsp;dein Getr\u00e4nk im Auge und gib acht, dass niemand etwas hineinsch\u00fctten kann!<\/li>\n\n\n\n<li>Lass dir dein Getr\u00e4nk direkt von der Bedienung hinstellen und nicht von jemand anderem mitbringen, den*die du nicht (gut) kennst!<\/li>\n\n\n\n<li>Nimm ausreichend Geld mit,&nbsp;damit du dich selbst mit Getr\u00e4nken versorgen kannst. Wenn dich jemand einladen m\u00f6chte, sei beim Getr\u00e4nkekauf dabei, so dass niemand unbemerkt vorher etwas hineinsch\u00fctten kann!<\/li>\n\n\n\n<li>Wenn du zur Toilette gehst, bitte eine Freundin oder einen Freund, der*dem du vertraust, auf dein Getr\u00e4nk aufzupassen!<\/li>\n\n\n\n<li>Wenn du dich seltsam f\u00fchlst und eine der Wirkungen von K.O.-Tropfen bemerkst, wende dich schnellstm\u00f6glich an die Sicherheitskr\u00e4fte im Zelt!<\/li>\n\n\n\n<li>Achte auf m\u00f6gliche Symptome bei deinen Freund*innen und reagiere entsprechend<\/li>\n\n\n\n<li>Lasse niemanden alleine im Wiesnzelt zur\u00fcck<\/li>\n\n\n\n<li>Sprich mit deinen Freund*innen \u00fcber das Thema K.O.-Tropfen, so dass sie auch Bescheid wissen!<\/li>\n<\/ul>\n\n\n\n<hr class=\"wp-block-separator has-alpha-channel-opacity\"\/>\n\n\n\n<h2 class=\"wp-block-heading\">Was tun, wenn ein konkreter Verdacht auf K.O.-Tropfen auftritt?<\/h2>\n\n\n\n<ul class=\"wp-block-list\">\n<li>K\u00fcmmere dich gut um die betroffene Person<\/li>\n\n\n\n<li>Rufe ggf. den Sanit\u00e4tsdienst auf der Wiesn und informiere die Rettungskr\u00e4fte \u00fcber den Verdacht auf K.O.-Tropfen<\/li>\n\n\n\n<li>Wenn der Zustand der Person unbedenklich ist, begleite sie nach Hause und lasse sie auf keinen Fall alleine<\/li>\n\n\n\n<li>Informiere das Securitypersonal im Zelt \u00fcber den Vorfall<\/li>\n\n\n\n<li>Wenn die betroffene Person einverstanden ist, k\u00f6nnen weitere Schritte wie eine rechtsmedizinische Untersuchung im Krankenhaus oder eine Anzeige bei der Polizei folgen. K.O.-Tropfen sind jedoch h\u00e4ufig nur wenige Stunden im Blut nachweisbar.<\/li>\n<\/ul>\n\n\n\n<hr class=\"wp-block-separator has-alpha-channel-opacity\"\/>\n\n\n\n<p><strong>Und: Das Team am&nbsp; Safe Space&nbsp; hilft dir gerne weiter!<\/strong><\/p>\n\n\n\n<p>Unter diesen Links kannst du dir weitere Infos und Tipps ansehen:<\/p>\n\n\n\n<p><a href=\"http:\/\/www.ko-tropfen-nein-danke.de\/welcome.0.html\" target=\"_blank\" rel=\"noreferrer noopener\">http:\/\/www.ko-tropfen-nein-danke.de\/welcome.0.html<\/a><\/p>\n\n\n\n<p><a href=\"https:\/\/www.ko-ev.de\/themen\/k-o-tropfen\/\">https:\/\/www.ko-ev.de\/themen\/k-o-tropfen\/<\/a><br><\/p>\n\n\n\n<hr class=\"wp-block-separator has-alpha-channel-opacity\"\/>\n\n\n\n<p><a href=\"\/\/sicherewiesn.de\/wordpress\/\">\u2039 zur\u00fcck zur Startseite<\/a><\/p>\n<div class=\"shariff shariff-align-flex-start shariff-widget-align-flex-start\" data-services=\"facebook\" data-url=\"https%3A%2F%2Fsicherewiesn.de%2Fwordpress%2Fvorbeugen%2Finfos-zu-k-o-tropfen%2F\" data-timestamp=\"1754490996\" data-backendurl=\"https:\/\/sicherewiesn.de\/wordpress\/wp-json\/shariff\/v1\/share_counts?\"><div class=\"ShariffHeadline\">Teile diesen Beitrag<\/div><ul class=\"shariff-buttons theme-round orientation-horizontal buttonsize-medium\"><li class=\"shariff-button facebook shariff-nocustomcolor\" style=\"background-color:#4273c8\"><a href=\"https:\/\/www.facebook.com\/sharer\/sharer.php?u=https%3A%2F%2Fsicherewiesn.de%2Fwordpress%2Fvorbeugen%2Finfos-zu-k-o-tropfen%2F\" title=\"Bei Facebook teilen\" aria-label=\"Bei Facebook teilen\" role=\"button\" rel=\"nofollow\" class=\"shariff-link\" style=\"; background-color:#3b5998; color:#fff\" target=\"_blank\"><span class=\"shariff-icon\" style=\"\"><svg width=\"32px\" height=\"20px\" xmlns=\"http:\/\/www.w3.org\/2000\/svg\" viewBox=\"0 0 18 32\"><path fill=\"#3b5998\" d=\"M17.1 0.2v4.7h-2.8q-1.5 0-2.1 0.6t-0.5 1.9v3.4h5.2l-0.7 5.3h-4.5v13.6h-5.5v-13.6h-4.5v-5.3h4.5v-3.9q0-3.3 1.9-5.2t5-1.8q2.6 0 4.1 0.2z\"\/><\/svg><\/span><\/a><\/li><li class=\"shariff-button twitter shariff-nocustomcolor\" style=\"background-color:#595959\"><a href=\"https:\/\/twitter.com\/share?url=https%3A%2F%2Fsicherewiesn.de%2Fwordpress%2Fvorbeugen%2Finfos-zu-k-o-tropfen%2F&text=Informationen%20zu%20K.O.-Tropfen\" title=\"Bei X teilen\" aria-label=\"Bei X teilen\" role=\"button\" rel=\"noopener nofollow\" class=\"shariff-link\" style=\"; background-color:#000; color:#fff\" target=\"_blank\"><span class=\"shariff-icon\" style=\"\"><svg width=\"32px\" height=\"20px\" xmlns=\"http:\/\/www.w3.org\/2000\/svg\" viewBox=\"0 0 24 24\"><path fill=\"#000\" d=\"M14.258 10.152L23.176 0h-2.113l-7.747 8.813L7.133 0H0l9.352 13.328L0 23.973h2.113l8.176-9.309 6.531 9.309h7.133zm-2.895 3.293l-.949-1.328L2.875 1.56h3.246l6.086 8.523.945 1.328 7.91 11.078h-3.246zm0 0\"\/><\/svg><\/span><\/a><\/li><li class=\"shariff-button whatsapp shariff-nocustomcolor\" style=\"background-color:#5cbe4a\"><a href=\"https:\/\/api.whatsapp.com\/send?text=https%3A%2F%2Fsicherewiesn.de%2Fwordpress%2Fvorbeugen%2Finfos-zu-k-o-tropfen%2F%20Informationen%20zu%20K.O.-Tropfen\" title=\"Bei Whatsapp teilen\" aria-label=\"Bei Whatsapp teilen\" role=\"button\" rel=\"noopener nofollow\" class=\"shariff-link\" style=\"; background-color:#34af23; color:#fff\" target=\"_blank\"><span class=\"shariff-icon\" style=\"\"><svg width=\"32px\" height=\"20px\" xmlns=\"http:\/\/www.w3.org\/2000\/svg\" viewBox=\"0 0 32 32\"><path fill=\"#34af23\" d=\"M17.6 17.4q0.2 0 1.7 0.8t1.6 0.9q0 0.1 0 0.3 0 0.6-0.3 1.4-0.3 0.7-1.3 1.2t-1.8 0.5q-1 0-3.4-1.1-1.7-0.8-3-2.1t-2.6-3.3q-1.3-1.9-1.3-3.5v-0.1q0.1-1.6 1.3-2.8 0.4-0.4 0.9-0.4 0.1 0 0.3 0t0.3 0q0.3 0 0.5 0.1t0.3 0.5q0.1 0.4 0.6 1.6t0.4 1.3q0 0.4-0.6 1t-0.6 0.8q0 0.1 0.1 0.3 0.6 1.3 1.8 2.4 1 0.9 2.7 1.8 0.2 0.1 0.4 0.1 0.3 0 1-0.9t0.9-0.9zM14 26.9q2.3 0 4.3-0.9t3.6-2.4 2.4-3.6 0.9-4.3-0.9-4.3-2.4-3.6-3.6-2.4-4.3-0.9-4.3 0.9-3.6 2.4-2.4 3.6-0.9 4.3q0 3.6 2.1 6.6l-1.4 4.2 4.3-1.4q2.8 1.9 6.2 1.9zM14 2.2q2.7 0 5.2 1.1t4.3 2.9 2.9 4.3 1.1 5.2-1.1 5.2-2.9 4.3-4.3 2.9-5.2 1.1q-3.5 0-6.5-1.7l-7.4 2.4 2.4-7.2q-1.9-3.2-1.9-6.9 0-2.7 1.1-5.2t2.9-4.3 4.3-2.9 5.2-1.1z\"\/><\/svg><\/span><\/a><\/li><\/ul><\/div>","protected":false},"excerpt":{"rendered":"<p>NEU 2025: Unseren neuen Flyer zum Thema K.O.-Tropfen kannst du hier ansehen und herunterladen. Schicke gerne eine Anfrage an info@sicherewiesn.de, um Printversionen zu erhalten. In unserer Beratungsarbeit am Safe Space auf der Wiesn sind wir immer wieder mit Verdachtsf\u00e4llen von K.O.-Tropfen konfrontiert. Deshalb wollen wir an dieser Stelle dar\u00fcber informieren. &nbsp;Was sind K.O.-Tropfen? Wie wirken &#8230; <a title=\"Informationen zu K.O.-Tropfen\" class=\"read-more\" href=\"https:\/\/sicherewiesn.de\/wordpress\/vorbeugen\/infos-zu-k-o-tropfen\/\" aria-label=\"Mehr Informationen \u00fcber Informationen zu K.O.-Tropfen\">Weiterlesen &#8230;<\/a><\/p>\n","protected":false},"author":1,"featured_media":0,"parent":137,"menu_order":2,"comment_status":"closed","ping_status":"closed","template":"","meta":{"generate_page_header":"","footnotes":""},"class_list":{"0":"post-95","1":"page","2":"type-page","3":"status-publish","5":"infinite-scroll-item"},"_links":{"self":[{"href":"https:\/\/sicherewiesn.de\/wordpress\/wp-json\/wp\/v2\/pages\/95","targetHints":{"allow":["GET"]}}],"collection":[{"href":"https:\/\/sicherewiesn.de\/wordpress\/wp-json\/wp\/v2\/pages"}],"about":[{"href":"https:\/\/sicherewiesn.de\/wordpress\/wp-json\/wp\/v2\/types\/page"}],"author":[{"embeddable":true,"href":"https:\/\/sicherewiesn.de\/wordpress\/wp-json\/wp\/v2\/users\/1"}],"replies":[{"embeddable":true,"href":"https:\/\/sicherewiesn.de\/wordpress\/wp-json\/wp\/v2\/comments?post=95"}],"version-history":[{"count":9,"href":"https:\/\/sicherewiesn.de\/wordpress\/wp-json\/wp\/v2\/pages\/95\/revisions"}],"predecessor-version":[{"id":2177,"href":"https:\/\/sicherewiesn.de\/wordpress\/wp-json\/wp\/v2\/pages\/95\/revisions\/2177"}],"up":[{"embeddable":true,"href":"https:\/\/sicherewiesn.de\/wordpress\/wp-json\/wp\/v2\/pages\/137"}],"wp:attachment":[{"href":"https:\/\/sicherewiesn.de\/wordpress\/wp-json\/wp\/v2\/media?parent=95"}],"curies":[{"name":"wp","href":"https:\/\/api.w.org\/{rel}","templated":true}]}}