{"id":9,"date":"2019-09-16T11:31:57","date_gmt":"2019-09-16T11:31:57","guid":{"rendered":"http:\/\/sicherewiesn.de\/wordpress\/?page_id=9"},"modified":"2025-07-01T12:07:38","modified_gmt":"2025-07-01T12:07:38","slug":"tipps-fuer-die-wiesn","status":"publish","type":"page","link":"https:\/\/sicherewiesn.de\/wordpress\/vorbeugen\/tipps-fuer-die-wiesn\/","title":{"rendered":"Tipps f\u00fcr deinen Wiesnbesuch"},"content":{"rendered":"\n<h2 class=\"wp-block-heading\">Spa\u00df haben \u2013 gemeinsam feiern \u2013 Leute kennenlernen<\/h2>\n\n\n\n<p>Was w\u00e4re M\u00fcnchen ohne die Wiesn? Doch auch auf dem gr\u00f6\u00dften Volksfest der Welt finden sexuelle Grenz\u00fcberschreitungen und dumme Anmache statt. Die Verantwortung daf\u00fcr tragen stets die T\u00e4ter (T\u00e4terinnen). Die Aktion Sichere Wiesn tritt daf\u00fcr ein, dass alle M\u00e4dchen* und Frauen* einen unbeschwerten Wiesnbesuch erleben k\u00f6nnen.<\/p>\n\n\n\n<h2 class=\"wp-block-heading\">I mog a Gaudi, koa Gfrett!<\/h2>\n\n\n\n<hr class=\"wp-block-separator has-alpha-channel-opacity is-style-default\"\/>\n\n\n\n<div class=\"wp-block-columns is-layout-flex wp-container-core-columns-is-layout-9d6595d7 wp-block-columns-is-layout-flex\">\n<div class=\"wp-block-column is-layout-flow wp-block-column-is-layout-flow\">\n<p>Die Aktion \u201eSichere Wiesn\u201c tritt daf\u00fcr ein, dass alle M\u00e4dchen* und Frauen* unbeschwert feiern und den Wiesnbesuch genie\u00dfen k\u00f6nnen. Allerdings finden jedes Jahr auch auf der Wiesn dumme Anmache, sexuelle Grenz\u00fcberschreitungen&nbsp; und Vergewaltigungen statt. Manchmal kippt auch eine nette, witzige Situation. Egal ob Du den<em>die T\u00e4ter<\/em>in kennst oder nicht, niemand darf Dir zu nahe treten. In jedem Fall hast Du das Recht, Dir Hilfe zu holen, denn die Verantwortung f\u00fcr einen \u00dcbergriff tr\u00e4gt stets der T\u00e4ter bzw. die T\u00e4terin.<\/p>\n\n\n\n<h4 class=\"wp-block-heading\"><strong>DEIN GEF\u00dcHL Z\u00c4HLT!<\/strong><\/h4>\n\n\n\n<ol class=\"wp-block-list\">\n<li>An manchen Tagen besuchen bis zu 600.000 Menschen die Wiesn. In diesem Gedr\u00e4nge kann man sich leicht verlieren. Am besten ist es, schon vorab einen <strong>eindeutigen Treffpunkt<\/strong> zu vereinbaren.<\/li>\n\n\n\n<li><strong>Handtaschen und Rucks\u00e4cke <\/strong>gehen verloren oder werden geklaut. Sinnvoll ist es daher, Geld, Handy, Schl\u00fcssel und Hoteladresse am K\u00f6rper zu tragen. (Welche Taschen erlaubt sind, ist auf der <a href=\"https:\/\/www.oktoberfest.de\/de\/article\/Oktoberfest+2018\/Service\/Gep%C3%A4ckaufbewahrung\/2009\/\">Oktoberfestseite<\/a> zu lesen)<\/li>\n\n\n\n<li>Bei <strong>\u00dcberf\u00fcllung der Zelte<\/strong> kann es sein, dass Du nicht wieder hineingelassen wirst. Deswegen ist es gut, die wichtigsten Dinge beim Verlassen mitzunehmen.<\/li>\n\n\n\n<li>Das <strong>Bier auf dem Oktoberfest<\/strong> ist besonders stark und wird in Ein-Liter-Kr\u00fcgen ausgeschenkt. Eine Limo und eine Brezn zwischendurch lassen Dich l\u00e4nger fit bleiben.<\/li>\n\n\n\n<li><strong>Vorsicht vor K.O.-Tropfen<\/strong>: Sie machen handlungsunf\u00e4hig und bewusstlos \u2013 auch auf der Wiesn werden jedes Jahr Verdachtsf\u00e4lle bekannt.<\/li>\n\n\n\n<li><strong>Im Notfall:<\/strong> Fordere andere zum Helfen auf. Wende Dich an eine konkrete Person: <em>\u201eSie mit dem roten Pulli\u2026!\u201c <\/em>Wenn Du Dich bedroht f\u00fchlst, erreichst Du jederzeit die Polizei unter 110.<\/li>\n\n\n\n<li>Auch auf dem <strong>Heimweg <\/strong>passieren sexuelle \u00dcbergriffe. Es ist sinnvoll, sich vorher einen sicheren Heimweg zu \u00fcberlegen.<\/li>\n<\/ol>\n<\/div>\n\n\n\n<div class=\"wp-block-column is-layout-flow wp-block-column-is-layout-flow\">\n<h2 class=\"wp-block-heading\">Hilfe auf dem Oktoberfest<\/h2>\n\n\n\n<p>Wir helfen Dir, egal was passiert ist!<\/p>\n\n\n\n<p>Wenn Du pl\u00f6tzlich alleine dastehst\u2026<br>Wenn Du nicht wei\u00dft, wie Du Deine Freund*innen wiederfinden kannst\u2026<br>Wenn Du nicht wei\u00dft, wo Du \u00fcbernachten kannst\u2026<br>Wenn Du m\u00fcde oder betrunken bist\u2026<br>Wenn Du Dich bedroht oder verunsichert f\u00fchlst\u2026<br>Wenn Du bel\u00e4stigt oder begrapscht oder vergewaltigt worden bist\u2026<\/p>\n\n\n\n<p>\u2026dann komm zum Safe Space.<\/p>\n\n\n\n<h2 class=\"wp-block-heading\">SAFE SPACE F\u00dcR M\u00c4DCHEN* UND FRAUEN*<\/h2>\n\n\n\n<p>Im Servicezentrum hinter dem Schottenhamelzelt<\/p>\n\n\n\n<p>Eingang \u201eErste Hilfe\u201c<\/p>\n\n\n\n<p>\u00d6ffnungszeiten: t\u00e4glich von 18 &#8211; 1 Uhr,<br>Fr\/Sa\/So und am 2.\/3.10. zus\u00e4tzlich ab 15 .30 Uhr<\/p>\n\n\n\n<p>Telefon <a href=\"tel:+49898905745188\">089\/ 890 57 45 188<\/a><\/p>\n\n\n\n<p><a href=\"\/\/sicherewiesn.de\/wordpress\/de\/hilfe-vor-ort\/security-point\/\">Mehr zum Safe Space \u203a<\/a><\/p>\n\n\n\n<h2 class=\"wp-block-heading\">______________________________________<\/h2>\n\n\n\n<h2 class=\"wp-block-heading\"><strong>Tipps zur Zivilcourage<\/strong><\/h2>\n\n\n\n<p><em>Du bist auf der Wiesn unterwegs und pl\u00f6tzlich siehst Du eine Frau* weinend vor einem der Zelte sitzen, die sehr hilflos wirkt?<\/em><\/p>\n\n\n\n<p><em>Oder ein M\u00e4dchen* spricht Dich an und bittet um Hilfe?<\/em><\/p>\n\n\n\n<p><em>Oder Du beobachtest einen Streit zwischen einem Mann* und einer Frau* und hast den Eindruck, die Frau* k\u00f6nnte Unterst\u00fctzung brauchen?<\/em><\/p>\n\n\n\n<p><strong>Was kannst Du tun?<\/strong><\/p>\n\n\n\n<p>Hilfreiche Hinweise findest du in unseren. <a href=\"https:\/\/sicherewiesn.de\/wordpress\/wp-content\/uploads\/2021\/11\/Tipps-Besucher_innen_2021_neues-Logo-etc..pdf\">Zivilcourage-Tipps.<\/a><\/p>\n\n\n\n<p>(PDF zum Download, nicht barrierefrei, 412 KB).<\/p>\n<\/div>\n<\/div>\n\n\n\n<hr class=\"wp-block-separator has-alpha-channel-opacity\"\/>\n\n\n\n<p class=\"has-text-align-center\">Eine Aktion von AMYNA e.V., IMMA e.V. und der Beratungsstelle Frauen*notruf M\u00fcnchen<\/p>\n\n\n\n<p class=\"has-text-align-center\">in Kooperation mit der Stiftung \u201eH\u00e4nsel+Gretel\u201c<\/p>\n\n\n\n<p class=\"has-text-align-center\">unterst\u00fctzt von der Landeshauptstadt M\u00fcnchen und dem Landkreis M\u00fcnchen<\/p>\n\n\n\n<hr class=\"wp-block-separator has-alpha-channel-opacity\"\/>\n\n\n\n<p><a href=\"\/\/sicherewiesn.de\/wordpress\/\">\u2039 zur\u00fcck zur Startseite<\/a><\/p>\n<div class=\"shariff shariff-align-flex-start shariff-widget-align-flex-start\" data-services=\"facebook\" data-url=\"https%3A%2F%2Fsicherewiesn.de%2Fwordpress%2Fvorbeugen%2Ftipps-fuer-die-wiesn%2F\" data-timestamp=\"1751371658\" data-backendurl=\"https:\/\/sicherewiesn.de\/wordpress\/wp-json\/shariff\/v1\/share_counts?\"><div class=\"ShariffHeadline\">Teile diesen Beitrag<\/div><ul class=\"shariff-buttons theme-round orientation-horizontal buttonsize-medium\"><li class=\"shariff-button facebook shariff-nocustomcolor\" style=\"background-color:#4273c8\"><a href=\"https:\/\/www.facebook.com\/sharer\/sharer.php?u=https%3A%2F%2Fsicherewiesn.de%2Fwordpress%2Fvorbeugen%2Ftipps-fuer-die-wiesn%2F\" title=\"Bei Facebook teilen\" aria-label=\"Bei Facebook teilen\" role=\"button\" rel=\"nofollow\" class=\"shariff-link\" style=\"; background-color:#3b5998; color:#fff\" target=\"_blank\"><span class=\"shariff-icon\" style=\"\"><svg width=\"32px\" height=\"20px\" xmlns=\"http:\/\/www.w3.org\/2000\/svg\" viewBox=\"0 0 18 32\"><path fill=\"#3b5998\" d=\"M17.1 0.2v4.7h-2.8q-1.5 0-2.1 0.6t-0.5 1.9v3.4h5.2l-0.7 5.3h-4.5v13.6h-5.5v-13.6h-4.5v-5.3h4.5v-3.9q0-3.3 1.9-5.2t5-1.8q2.6 0 4.1 0.2z\"\/><\/svg><\/span><\/a><\/li><li class=\"shariff-button twitter shariff-nocustomcolor\" style=\"background-color:#595959\"><a href=\"https:\/\/twitter.com\/share?url=https%3A%2F%2Fsicherewiesn.de%2Fwordpress%2Fvorbeugen%2Ftipps-fuer-die-wiesn%2F&text=Tipps%20f%C3%BCr%20deinen%20Wiesnbesuch\" title=\"Bei X teilen\" aria-label=\"Bei X teilen\" role=\"button\" rel=\"noopener nofollow\" class=\"shariff-link\" style=\"; background-color:#000; color:#fff\" target=\"_blank\"><span class=\"shariff-icon\" style=\"\"><svg width=\"32px\" height=\"20px\" xmlns=\"http:\/\/www.w3.org\/2000\/svg\" viewBox=\"0 0 24 24\"><path fill=\"#000\" d=\"M14.258 10.152L23.176 0h-2.113l-7.747 8.813L7.133 0H0l9.352 13.328L0 23.973h2.113l8.176-9.309 6.531 9.309h7.133zm-2.895 3.293l-.949-1.328L2.875 1.56h3.246l6.086 8.523.945 1.328 7.91 11.078h-3.246zm0 0\"\/><\/svg><\/span><\/a><\/li><li class=\"shariff-button whatsapp shariff-nocustomcolor\" style=\"background-color:#5cbe4a\"><a href=\"https:\/\/api.whatsapp.com\/send?text=https%3A%2F%2Fsicherewiesn.de%2Fwordpress%2Fvorbeugen%2Ftipps-fuer-die-wiesn%2F%20Tipps%20f%C3%BCr%20deinen%20Wiesnbesuch\" title=\"Bei Whatsapp teilen\" aria-label=\"Bei Whatsapp teilen\" role=\"button\" rel=\"noopener nofollow\" class=\"shariff-link\" style=\"; background-color:#34af23; color:#fff\" target=\"_blank\"><span class=\"shariff-icon\" style=\"\"><svg width=\"32px\" height=\"20px\" xmlns=\"http:\/\/www.w3.org\/2000\/svg\" viewBox=\"0 0 32 32\"><path fill=\"#34af23\" d=\"M17.6 17.4q0.2 0 1.7 0.8t1.6 0.9q0 0.1 0 0.3 0 0.6-0.3 1.4-0.3 0.7-1.3 1.2t-1.8 0.5q-1 0-3.4-1.1-1.7-0.8-3-2.1t-2.6-3.3q-1.3-1.9-1.3-3.5v-0.1q0.1-1.6 1.3-2.8 0.4-0.4 0.9-0.4 0.1 0 0.3 0t0.3 0q0.3 0 0.5 0.1t0.3 0.5q0.1 0.4 0.6 1.6t0.4 1.3q0 0.4-0.6 1t-0.6 0.8q0 0.1 0.1 0.3 0.6 1.3 1.8 2.4 1 0.9 2.7 1.8 0.2 0.1 0.4 0.1 0.3 0 1-0.9t0.9-0.9zM14 26.9q2.3 0 4.3-0.9t3.6-2.4 2.4-3.6 0.9-4.3-0.9-4.3-2.4-3.6-3.6-2.4-4.3-0.9-4.3 0.9-3.6 2.4-2.4 3.6-0.9 4.3q0 3.6 2.1 6.6l-1.4 4.2 4.3-1.4q2.8 1.9 6.2 1.9zM14 2.2q2.7 0 5.2 1.1t4.3 2.9 2.9 4.3 1.1 5.2-1.1 5.2-2.9 4.3-4.3 2.9-5.2 1.1q-3.5 0-6.5-1.7l-7.4 2.4 2.4-7.2q-1.9-3.2-1.9-6.9 0-2.7 1.1-5.2t2.9-4.3 4.3-2.9 5.2-1.1z\"\/><\/svg><\/span><\/a><\/li><\/ul><\/div>","protected":false},"excerpt":{"rendered":"<p>Spa\u00df haben \u2013 gemeinsam feiern \u2013 Leute kennenlernen Was w\u00e4re M\u00fcnchen ohne die Wiesn? Doch auch auf dem gr\u00f6\u00dften Volksfest der Welt finden sexuelle Grenz\u00fcberschreitungen und dumme Anmache statt. Die Verantwortung daf\u00fcr tragen stets die T\u00e4ter (T\u00e4terinnen). Die Aktion Sichere Wiesn tritt daf\u00fcr ein, dass alle M\u00e4dchen* und Frauen* einen unbeschwerten Wiesnbesuch erleben k\u00f6nnen. I &#8230; <a title=\"Tipps f\u00fcr deinen Wiesnbesuch\" class=\"read-more\" href=\"https:\/\/sicherewiesn.de\/wordpress\/vorbeugen\/tipps-fuer-die-wiesn\/\" aria-label=\"Mehr Informationen \u00fcber Tipps f\u00fcr deinen Wiesnbesuch\">Weiterlesen &#8230;<\/a><\/p>\n","protected":false},"author":1,"featured_media":0,"parent":137,"menu_order":0,"comment_status":"closed","ping_status":"closed","template":"","meta":{"generate_page_header":"","footnotes":""},"class_list":{"0":"post-9","1":"page","2":"type-page","3":"status-publish","5":"infinite-scroll-item"},"_links":{"self":[{"href":"https:\/\/sicherewiesn.de\/wordpress\/wp-json\/wp\/v2\/pages\/9","targetHints":{"allow":["GET"]}}],"collection":[{"href":"https:\/\/sicherewiesn.de\/wordpress\/wp-json\/wp\/v2\/pages"}],"about":[{"href":"https:\/\/sicherewiesn.de\/wordpress\/wp-json\/wp\/v2\/types\/page"}],"author":[{"embeddable":true,"href":"https:\/\/sicherewiesn.de\/wordpress\/wp-json\/wp\/v2\/users\/1"}],"replies":[{"embeddable":true,"href":"https:\/\/sicherewiesn.de\/wordpress\/wp-json\/wp\/v2\/comments?post=9"}],"version-history":[{"count":35,"href":"https:\/\/sicherewiesn.de\/wordpress\/wp-json\/wp\/v2\/pages\/9\/revisions"}],"predecessor-version":[{"id":2140,"href":"https:\/\/sicherewiesn.de\/wordpress\/wp-json\/wp\/v2\/pages\/9\/revisions\/2140"}],"up":[{"embeddable":true,"href":"https:\/\/sicherewiesn.de\/wordpress\/wp-json\/wp\/v2\/pages\/137"}],"wp:attachment":[{"href":"https:\/\/sicherewiesn.de\/wordpress\/wp-json\/wp\/v2\/media?parent=9"}],"curies":[{"name":"wp","href":"https:\/\/api.w.org\/{rel}","templated":true}]}}