{"id":7,"date":"2016-06-10T11:30:13","date_gmt":"2016-06-10T11:30:13","guid":{"rendered":"http:\/\/sicherewiesn.de\/wordpress\/?page_id=7"},"modified":"2025-08-06T14:51:22","modified_gmt":"2025-08-06T14:51:22","slug":"startseite","status":"publish","type":"page","link":"https:\/\/sicherewiesn.de\/wordpress\/","title":{"rendered":"Herzlich Willkommen bei der Aktion &#8222;Sichere Wiesn f\u00fcr M\u00e4dchen* und Frauen*&#8220;"},"content":{"rendered":"\n<p>Spa\u00df auf der Wiesn \u2013 aber sicher! Hier gibt&#8217;s Informationen zu unserem Angebot f\u00fcr M\u00e4dchen* und Frauen* auf dem Oktoberfest.<\/p>\n\n\n\n\t\t\t\t\t\t<style>\r\n\t\t\t\t\t#colorbox_main_container_176 .wpsm_panel {\r\n\tmargin-bottom: 0px !important;\r\n\tbackground-color: #eaf2da;\r\n\t\r\n\t\tborder: 2px solid #c0deaa;\r\n\t\t\r\n\t\tborder-radius: 4px;\r\n\t\t}\r\n\r\n#colorbox_main_container_176 .wpsm_panel-default > .wpsm_panel-heading {\r\n\tbackground-color: #c0deaa !important;\r\n\tborder-color: rgba(0,0,0,0.05);\r\n\tborder-top-left-radius: 0px;\r\n\tborder-top-right-radius: 0px;\r\n\ttext-align:left;\r\n}\r\n\r\n#colorbox_main_container_176 .colorbox_singel_box{\r\n  margin-bottom:20px !important;\r\n\t  padding-top: 5px;\r\n}\r\n#colorbox_main_container_176 .wpsm_panel-title{\r\n\tmargin-top: 0 !important;\r\n\tmargin-bottom: 0 !important;\r\n\tfont-size: 20px !important;\r\n\tcolor: #333333 !important;\r\n\tfont-family: Open Sans !important;\r\n\tword-wrap:break-word;\r\n\r\n}\r\n#colorbox_main_container_176 .wpsm_panel-title span{\r\n\tfont-size: 20px !important;\r\n\tcolor: #333333 !important;\r\n\t vertical-align: middle;\r\n}\r\n#colorbox_main_container_176 .wpsm_panel-body{\r\n\tcolor: #000000 !important;\r\n\tbackground-color:#eaf2da !important;\r\n\tfont-size:17px !important;\r\n\tfont-family: Open Sans !important;\r\n\toverflow:hidden;\r\n\ttext-align:left}\r\n\r\n \t\t\r\n\t\t\t\r\n\r\n@media (max-width: 992px){\r\n\t.colorbox_singel_box{ \r\n\t\twidth:50% !important;\r\n\t}\r\n}\r\n@media (max-width: 786px){\r\n\t.colorbox_singel_box{ \r\n\t\twidth:100% !important;\r\n\t}\r\n}\t\t\t\t<\/style>\r\n\t\t\t\t<div style=\"display:block;overflow:hidden;width:100%;\">\r\n\t\t\t\t<div id=\"colorbox_main_container_176\" style=\"colorbox_main_container\">\r\n\t\t\t\t\t\t\t\t\t\t<div class=\" wpsm_col-md-6 wpsm_col-sm-6 colorbox_singel_box\">\r\n\t\t\t\t\t\t<div class=\"wpsm_panel wpsm_panel-default wpsm_panel_default_176 \">\r\n\t\t\t\t\t\t  \t\t\t\t\t\t  <div class=\"wpsm_panel-heading\">\r\n\t\t\t\t\t\t\t<h3 class=\"wpsm_panel-title\">\r\n\t\t\t\t\t\t\t\t\t\t\t\t\t\t\t\t<span style=\"margin-right:6px;\" class=\"fa fa-cogs\"><\/span>\r\n\t\t\t\t\t\t\tAktuelles<\/h3>\r\n\t\t\t\t\t\t  <\/div> \t\t\t\t\t\t\t\t\t\t\t\t \r\n\t\t\t\t\t\t <div class=\"wpsm_panel-body\">\r\n\t\t\t\t\t\t\t<ul class=\"colorbox\">\r\n<li>\r\n<a href=\"https:\/\/sicherewiesn.de\/wordpress\/jahreskurzbericht\/\">Der Jahreskurzbericht 2024<\/a><\/li>\r\n<li><a href=\"https:\/\/sicherewiesn.de\/wordpress\/videos-statt-wiesn-digitale-praeventions-und-aufklaerung\/\">VIDEOS statt WIESN &#8211; digitale Pr\u00e4ventions- und Aufkl\u00e4rung<\/a><\/li>\r\n<\/ul>\t\t\t\t\t\t  <\/div>\r\n\t\t\t\t\t\t   \r\n\t\t\t\t\t\t<\/div>\r\n\t\t\t\t\t<\/div>\r\n\t\t\t\t\t\t\t\t\t\t<div class=\" wpsm_col-md-6 wpsm_col-sm-6 colorbox_singel_box\">\r\n\t\t\t\t\t\t<div class=\"wpsm_panel wpsm_panel-default wpsm_panel_default_176 \">\r\n\t\t\t\t\t\t  \t\t\t\t\t\t  <div class=\"wpsm_panel-heading\">\r\n\t\t\t\t\t\t\t<h3 class=\"wpsm_panel-title\">\r\n\t\t\t\t\t\t\t\t\t\t\t\t\t\t\t\t<span style=\"margin-right:6px;\" class=\"fa fa-check-square-o\"><\/span>\r\n\t\t\t\t\t\t\tVor dem Wiesnbesuch<\/h3>\r\n\t\t\t\t\t\t  <\/div> \t\t\t\t\t\t\t\t\t\t\t\t \r\n\t\t\t\t\t\t <div class=\"wpsm_panel-body\">\r\n\t\t\t\t\t\t\t<ul class=\"colorbox\">\r\n<li><a href=\"https:\/\/sicherewiesn.de\/wordpress\/vorbeugen\/tipps-fuer-die-wiesn\/\">Tipps f\u00fcr die Wiesn<\/a><\/li>\r\n<li><a href=\"https:\/\/sicherewiesn.de\/wordpress\/vorbeugen\/infos-zu-k-o-tropfen\/\">Infos zu K.O.-Tropfen<\/a><\/li>\r\n<\/ul>\t\t\t\t\t\t  <\/div>\r\n\t\t\t\t\t\t   \r\n\t\t\t\t\t\t<\/div>\r\n\t\t\t\t\t<\/div>\r\n\t\t\t\t\t\t\t\t\t\t<div class=\" wpsm_col-md-6 wpsm_col-sm-6 colorbox_singel_box\">\r\n\t\t\t\t\t\t<div class=\"wpsm_panel wpsm_panel-default wpsm_panel_default_176 \">\r\n\t\t\t\t\t\t  \t\t\t\t\t\t  <div class=\"wpsm_panel-heading\">\r\n\t\t\t\t\t\t\t<h3 class=\"wpsm_panel-title\">\r\n\t\t\t\t\t\t\t\t\t\t\t\t\t\t\t\t<span style=\"margin-right:6px;\" class=\"fa fa-comments-o\"><\/span>\r\n\t\t\t\t\t\t\tHilfe vor Ort<\/h3>\r\n\t\t\t\t\t\t  <\/div> \t\t\t\t\t\t\t\t\t\t\t\t \r\n\t\t\t\t\t\t <div class=\"wpsm_panel-body\">\r\n\t\t\t\t\t\t\t<ul class=\"colorbox\">\r\n<li><a href=\"https:\/\/sicherewiesn.de\/wordpress\/hilfe-vor-ort\/security-point\/\">Safe Space<\/a><\/li>\r\n<li><a href=\"https:\/\/sicherewiesn.de\/wordpress\/hilfe-vor-ort\/lageplan\/\">Lageplan<\/a><\/li>\r\n<li><a href=\"https:\/\/sicherewiesn.de\/wordpress\/hilfe-vor-ort\/fahrdienst\/\">Fahrdienst<\/a><\/li>\r\n<\/ul>\t\t\t\t\t\t  <\/div>\r\n\t\t\t\t\t\t   \r\n\t\t\t\t\t\t<\/div>\r\n\t\t\t\t\t<\/div>\r\n\t\t\t\t\t\t\t\t\t\t<div class=\" wpsm_col-md-6 wpsm_col-sm-6 colorbox_singel_box\">\r\n\t\t\t\t\t\t<div class=\"wpsm_panel wpsm_panel-default wpsm_panel_default_176 \">\r\n\t\t\t\t\t\t  \t\t\t\t\t\t  <div class=\"wpsm_panel-heading\">\r\n\t\t\t\t\t\t\t<h3 class=\"wpsm_panel-title\">\r\n\t\t\t\t\t\t\t\t\t\t\t\t\t\t\t\t<span style=\"margin-right:6px;\" class=\"fa fa-comments\"><\/span>\r\n\t\t\t\t\t\t\tWeitere Hilfe<\/h3>\r\n\t\t\t\t\t\t  <\/div> \t\t\t\t\t\t\t\t\t\t\t\t \r\n\t\t\t\t\t\t <div class=\"wpsm_panel-body\">\r\n\t\t\t\t\t\t\t<ul class=\"colorbox\">\r\n<li><a href=\"https:\/\/sicherewiesn.de\/wordpress\/weitere-hilfe\/anzeige-erstatten\/\">Anzeige erstatten<\/a><\/li>\r\n<li><a href=\"https:\/\/sicherewiesn.de\/wordpress\/weitere-hilfe\/beratung\/\">Beratung<\/a><\/li>\r\n<\/ul>\t\t\t\t\t\t  <\/div>\r\n\t\t\t\t\t\t   \r\n\t\t\t\t\t\t<\/div>\r\n\t\t\t\t\t<\/div>\r\n\t\t\t\t\t\t\t\t\t\t\r\n\t\t\t\t\t<\/div>\r\n\t\t\t\t<\/div>\r\n\t\t\t\t\t\t\t\t\t\t\t\t<script>\r\n\t\t\t\t\tvar col = new jColumn();\r\n\t\t\t\t\tcol.jcolumn('wpsm_panel_default_176');\r\n\t\t\t\t<\/script>\r\n\t\t\t\t\t\t\t\n\n\n\n\t\t\t\t\t\t<style>\r\n\t\t\t\t\t#colorbox_main_container_173 .wpsm_panel {\r\n\tmargin-bottom: 0px !important;\r\n\tbackground-color: #ffffff;\r\n\t\r\n\t\tborder: 2px solid #c0deaa;\r\n\t\t\r\n\t\tborder-radius: 4px;\r\n\t\t}\r\n\r\n#colorbox_main_container_173 .wpsm_panel-default > .wpsm_panel-heading {\r\n\tbackground-color: #c0deaa !important;\r\n\tborder-color: rgba(0,0,0,0.05);\r\n\tborder-top-left-radius: 0px;\r\n\tborder-top-right-radius: 0px;\r\n\ttext-align:left;\r\n}\r\n\r\n#colorbox_main_container_173 .colorbox_singel_box{\r\n  margin-bottom:20px !important;\r\n\t  padding-top: 5px;\r\n}\r\n#colorbox_main_container_173 .wpsm_panel-title{\r\n\tmargin-top: 0 !important;\r\n\tmargin-bottom: 0 !important;\r\n\tfont-size: 18px !important;\r\n\tcolor: #494949 !important;\r\n\tfont-family: Open Sans !important;\r\n\tword-wrap:break-word;\r\n\r\n}\r\n#colorbox_main_container_173 .wpsm_panel-title span{\r\n\tfont-size: 18px !important;\r\n\tcolor: #494949 !important;\r\n\t vertical-align: middle;\r\n}\r\n#colorbox_main_container_173 .wpsm_panel-body{\r\n\tcolor: #000000 !important;\r\n\tbackground-color:#ffffff !important;\r\n\tfont-size:17px !important;\r\n\tfont-family: Open Sans !important;\r\n\toverflow:hidden;\r\n\ttext-align:left}\r\n\r\n \t\t\r\n\t\t\t\r\n\r\n@media (max-width: 992px){\r\n\t.colorbox_singel_box{ \r\n\t\twidth:50% !important;\r\n\t}\r\n}\r\n@media (max-width: 786px){\r\n\t.colorbox_singel_box{ \r\n\t\twidth:100% !important;\r\n\t}\r\n}\t\t\t\t<\/style>\r\n\t\t\t\t<div style=\"display:block;overflow:hidden;width:100%;\">\r\n\t\t\t\t<div id=\"colorbox_main_container_173\" style=\"colorbox_main_container\">\r\n\t\t\t\t\t\t\t\t\t\t<div class=\" wpsm_col-md-6 wpsm_col-sm-6 colorbox_singel_box\">\r\n\t\t\t\t\t\t<div class=\"wpsm_panel wpsm_panel-default wpsm_panel_default_173 \">\r\n\t\t\t\t\t\t  \t\t\t\t\t\t  <div class=\"wpsm_panel-heading\">\r\n\t\t\t\t\t\t\t<h3 class=\"wpsm_panel-title\">\r\n\t\t\t\t\t\t\t\t\t\t\t\t\t\t\t\t<span style=\"margin-right:6px;\" class=\"fa fa-bullhorn\"><\/span>\r\n\t\t\t\t\t\t\t\u00dcber die Aktion<\/h3>\r\n\t\t\t\t\t\t  <\/div> \t\t\t\t\t\t\t\t\t\t\t\t \r\n\t\t\t\t\t\t <div class=\"wpsm_panel-body\">\r\n\t\t\t\t\t\t\t<ul class=\"colorbox\">\r\n<li><a href=\"https:\/\/sicherewiesn.de\/wordpress\/ueber-die-aktion\/unsere-ziele\/\">Ziele<\/a><\/li>\r\n<li><a href=\"https:\/\/sicherewiesn.de\/wordpress\/ueber-die-aktion\/traegerinnen\/\">Tr\u00e4gerinnen<\/a><\/li>\r\n<li><a href=\"https:\/\/sicherewiesn.de\/wordpress\/ueber-die-aktion\/team\/\">Team<\/a><\/li>\r\n<li><a href=\"https:\/\/sicherewiesn.de\/wordpress\/ueber-die-aktion\/auszeichnungen\/\">Auszeichnungen<\/a><\/li>\r\n<li><a href=\"https:\/\/sicherewiesn.de\/wordpress\/ueber-die-aktion\/partnerinnen\/\">Partner*innen<\/a><\/li>\r\n<\/ul>\t\t\t\t\t\t  <\/div>\r\n\t\t\t\t\t\t   \r\n\t\t\t\t\t\t<\/div>\r\n\t\t\t\t\t<\/div>\r\n\t\t\t\t\t\t\t\t\t\t<div class=\" wpsm_col-md-6 wpsm_col-sm-6 colorbox_singel_box\">\r\n\t\t\t\t\t\t<div class=\"wpsm_panel wpsm_panel-default wpsm_panel_default_173 \">\r\n\t\t\t\t\t\t  \t\t\t\t\t\t  <div class=\"wpsm_panel-heading\">\r\n\t\t\t\t\t\t\t<h3 class=\"wpsm_panel-title\">\r\n\t\t\t\t\t\t\t\t\t\t\t\t\t\t\t\t<span style=\"margin-right:6px;\" class=\"fa fa-pencil-square-o\"><\/span>\r\n\t\t\t\t\t\t\tPresse<\/h3>\r\n\t\t\t\t\t\t  <\/div> \t\t\t\t\t\t\t\t\t\t\t\t \r\n\t\t\t\t\t\t <div class=\"wpsm_panel-body\">\r\n\t\t\t\t\t\t\t<ul class=\"colorbox\">\r\n<li><a href=\"https:\/\/sicherewiesn.de\/wordpress\/presse\/pressemitteilungen\/\">Pressemitteilungen<\/a><\/li>\r\n<li><a href=\"https:\/\/sicherewiesn.de\/wordpress\/presse\/logos\/\">Logos<\/a><\/li>\r\n<li><a href=\"https:\/\/sicherewiesn.de\/wordpress\/presse\/jahresberichte\/\">Jahresberichte<\/a><\/li>\r\n<li><a href=\"https:\/\/sicherewiesn.de\/wordpress\/presse\/hintergrund-infos\/\">Hintergrund-Infos<\/a><\/li>\r\n<\/ul>\t\t\t\t\t\t  <\/div>\r\n\t\t\t\t\t\t   \r\n\t\t\t\t\t\t<\/div>\r\n\t\t\t\t\t<\/div>\r\n\t\t\t\t\t\t\t\t\t\t\r\n\t\t\t\t\t<\/div>\r\n\t\t\t\t<\/div>\r\n\t\t\t\t\t\t\t\t\t\t\t\t<script>\r\n\t\t\t\t\tvar col = new jColumn();\r\n\t\t\t\t\tcol.jcolumn('wpsm_panel_default_173');\r\n\t\t\t\t<\/script>\r\n\t\t\t\t\t\t\t\n\n\n\n<hr class=\"wp-block-separator has-alpha-channel-opacity\"\/>\n\n\n\n<h2 class=\"wp-block-heading\">\u00dcber die Aktion<\/h2>\n\n\n\n<p>Das M\u00fcnchner Oktoberfest ist das gr\u00f6\u00dfte und beliebteste Volksfest der Welt. Das Publikum ist international, der Bekanntheitsgrad extrem hoch. Tradition, Genuss und Spa\u00df sind die herausragenden Werte der Wiesn. Die Schattenseite ist, dass M\u00e4dchen* und Frauen* auch auf der Wiesn Opfer sexualisierter Gewalt werden k\u00f6nnen und immer wieder \u00dcbergriffe stattfinden.<\/p>\n\n\n\n<p><strong>Wir wollen, dass M\u00e4dchen* und Frauen* Spa\u00df auf der Wiesn haben und vor allem, dass sie sicher nach Hause kommen!<\/strong><\/p>\n\n\n\n<p>F\u00fcr dieses Ziel engagiert sich die Aktion &#8222;Sichere Wiesn f\u00fcr M\u00e4dchen* und Frauen*&#8220; von AMYNA e.V., IMMA e.V. und dem Frauennotruf M\u00fcnchen seit \u00fcber 20 Jahren mit breit angelegter Pr\u00e4ventionsarbeit, Hilfe vor Ort und Nachsorge f\u00fcr Frauen* und M\u00e4dchen* in Notsituationen.<\/p>\n\n\n\n<p><strong>Wir m\u00f6chten uns herzlich bei allen Unterst\u00fctzer*innen und M\u00f6glichmacher*innen der Aktion &#8222;Sichere Wiesn f\u00fcr M\u00e4dchen* und Frauen*&#8220; bedanken!<\/strong><\/p>\n\n\n\n<p>WAS IST DIE AKTION &#8211; Informationen in Geb\u00e4rdensprache:<\/p>\n\n\n\n<figure class=\"wp-block-embed is-type-video is-provider-youtube wp-block-embed-youtube wp-embed-aspect-16-9 wp-has-aspect-ratio\"><div class=\"wp-block-embed__wrapper\">\n<iframe loading=\"lazy\" hcb-fetch-image-from=\"https:\/\/www.youtube.com\/watch?v=lsj93LeSwac\" title=\"IN GEB\u00c4RDENSPRACHE: Willkommen bei der Aktion &quot;Sichere Wiesn f\u00fcr M\u00e4dchen* und Frauen*&quot;\" width=\"1200\" height=\"675\" src=\"https:\/\/www.youtube.com\/embed\/lsj93LeSwac?feature=oembed\" frameborder=\"0\" allow=\"accelerometer; autoplay; clipboard-write; encrypted-media; gyroscope; picture-in-picture; web-share\" referrerpolicy=\"strict-origin-when-cross-origin\" allowfullscreen><\/iframe>\n<\/div><\/figure>\n\n\n\n<hr class=\"wp-block-separator has-alpha-channel-opacity\"\/>\n\n\n\n<h2 class=\"wp-block-heading\">Schirmherrschaft<\/h2>\n\n\n\n<p>Die Schirmherrschaft der Aktion &#8222;Sichere Wiesn f\u00fcr M\u00e4dchen* und Frauen*&#8220; haben Oberb\u00fcrgermeister Dieter Reiter, B\u00fcrgermeister Dominik Krause, B\u00fcrgermeisterin Verena Dietl und Landrat Christoph G\u00f6bel \u00fcbernommen.<\/p>\n\n\n\n<div class=\"wp-block-columns is-layout-flex wp-container-core-columns-is-layout-9d6595d7 wp-block-columns-is-layout-flex\">\n<div class=\"wp-block-column is-layout-flow wp-block-column-is-layout-flow\">\n<p><img loading=\"lazy\" decoding=\"async\" src=\"\/\/sicherewiesn.de\/wordpress\/wp-content\/uploads\/2016\/06\/dieter_reiter_skal.jpg\" alt=\"Oberb\u00fcrgermeister Dieter Reiter\" width=\"133\" height=\"156\"><br>Oberb\u00fcrgermeister<br>Dieter Reiter<\/p>\n<\/div>\n\n\n\n<div class=\"wp-block-column is-layout-flow wp-block-column-is-layout-flow\">\n<p><\/p>\n\n\n\n<figure class=\"wp-block-image size-full\"><img loading=\"lazy\" decoding=\"async\" width=\"1008\" height=\"672\" src=\"https:\/\/sicherewiesn.de\/wordpress\/wp-content\/uploads\/2024\/02\/Foto_bm-krause-2304-1-1.jpg\" alt=\"\" class=\"wp-image-1921\" srcset=\"https:\/\/sicherewiesn.de\/wordpress\/wp-content\/uploads\/2024\/02\/Foto_bm-krause-2304-1-1.jpg 1008w, https:\/\/sicherewiesn.de\/wordpress\/wp-content\/uploads\/2024\/02\/Foto_bm-krause-2304-1-1-300x200.jpg 300w, https:\/\/sicherewiesn.de\/wordpress\/wp-content\/uploads\/2024\/02\/Foto_bm-krause-2304-1-1-768x512.jpg 768w\" sizes=\"auto, (max-width: 1008px) 100vw, 1008px\" \/><\/figure>\n\n\n\n<p>B\u00fcrgermeister Dominik Krause (Foto: Michael Nagy\/Presseamt)<\/p>\n<\/div>\n\n\n\n<div class=\"wp-block-column is-layout-flow wp-block-column-is-layout-flow\">\n<p><img loading=\"lazy\" decoding=\"async\" src=\"https:\/\/sicherewiesn.de\/wordpress\/wp-content\/uploads\/2020\/08\/dietl_verena_1-5e20bc2d6eab9-300x300.jpg\" alt=\"\" width=\"282\" height=\"282\"><br>B\u00fcrgermeisterin<br>Verena Dietl<br>(Foto: LH M\u00fcnchen)<\/p>\n<\/div>\n\n\n\n<div class=\"wp-block-column is-layout-flow wp-block-column-is-layout-flow\">\n<p><img loading=\"lazy\" decoding=\"async\" src=\"\/\/sicherewiesn.de\/wordpress\/wp-content\/uploads\/2016\/06\/Schirmherrschaft_Christoph_Gbel_klein.jpg\" alt=\"Landrat Christoph G\u00f6bel\" width=\"104\" height=\"156\"><br>Landrat<br>Christoph G\u00f6bel<\/p>\n<\/div>\n<\/div>\n\n\n\n<hr class=\"wp-block-separator has-alpha-channel-opacity\"\/>\n\n\n\n<h2 class=\"wp-block-heading\">F\u00f6rderung<\/h2>\n\n\n\n<figure class=\"wp-block-image size-full is-resized\"><img loading=\"lazy\" decoding=\"async\" width=\"672\" height=\"232\" src=\"https:\/\/sicherewiesn.de\/wordpress\/wp-content\/uploads\/2025\/07\/LHM-Logo_2023.jpg\" alt=\"\" class=\"wp-image-2137\" style=\"width:275px;height:auto\" srcset=\"https:\/\/sicherewiesn.de\/wordpress\/wp-content\/uploads\/2025\/07\/LHM-Logo_2023.jpg 672w, https:\/\/sicherewiesn.de\/wordpress\/wp-content\/uploads\/2025\/07\/LHM-Logo_2023-300x104.jpg 300w\" sizes=\"auto, (max-width: 672px) 100vw, 672px\" \/><\/figure>\n\n\n\n<figure class=\"wp-block-image size-full is-resized\"><img loading=\"lazy\" decoding=\"async\" width=\"585\" height=\"152\" src=\"https:\/\/sicherewiesn.de\/wordpress\/wp-content\/uploads\/2025\/07\/LK_Muenchen_Logo.bmp\" alt=\"\" class=\"wp-image-2138\" style=\"aspect-ratio:3.8372093023255816;width:272px;height:auto\" srcset=\"https:\/\/sicherewiesn.de\/wordpress\/wp-content\/uploads\/2025\/07\/LK_Muenchen_Logo.bmp 585w, https:\/\/sicherewiesn.de\/wordpress\/wp-content\/uploads\/2025\/07\/LK_Muenchen_Logo-300x78.jpg 300w\" sizes=\"auto, (max-width: 585px) 100vw, 585px\" \/><\/figure>\n\n\n\n<p>Die Aktion &#8222;Sichere Wiesn f\u00fcr M\u00e4dchen* und Frauen*&#8220; wird von der LH M\u00fcnchen und dem Landkreis M\u00fcnchen bezuschusst.<\/p>\n<div class=\"shariff shariff-align-flex-start shariff-widget-align-flex-start\" data-services=\"facebook\" data-url=\"https%3A%2F%2Fsicherewiesn.de%2Fwordpress%2F%3Fp%3D173\" data-timestamp=\"1690782887\" data-backendurl=\"https:\/\/sicherewiesn.de\/wordpress\/wp-json\/shariff\/v1\/share_counts?\"><div class=\"ShariffHeadline\">Teile diesen Beitrag<\/div><ul class=\"shariff-buttons theme-round orientation-horizontal buttonsize-medium\"><li class=\"shariff-button facebook shariff-nocustomcolor\" style=\"background-color:#4273c8\"><a href=\"https:\/\/www.facebook.com\/sharer\/sharer.php?u=https%3A%2F%2Fsicherewiesn.de%2Fwordpress%2F%3Fp%3D173\" title=\"Bei Facebook teilen\" aria-label=\"Bei Facebook teilen\" role=\"button\" rel=\"nofollow\" class=\"shariff-link\" style=\"; background-color:#3b5998; color:#fff\" target=\"_blank\"><span class=\"shariff-icon\" style=\"\"><svg width=\"32px\" height=\"20px\" xmlns=\"http:\/\/www.w3.org\/2000\/svg\" viewBox=\"0 0 18 32\"><path fill=\"#3b5998\" d=\"M17.1 0.2v4.7h-2.8q-1.5 0-2.1 0.6t-0.5 1.9v3.4h5.2l-0.7 5.3h-4.5v13.6h-5.5v-13.6h-4.5v-5.3h4.5v-3.9q0-3.3 1.9-5.2t5-1.8q2.6 0 4.1 0.2z\"\/><\/svg><\/span><\/a><\/li><li class=\"shariff-button twitter shariff-nocustomcolor\" style=\"background-color:#595959\"><a href=\"https:\/\/twitter.com\/share?url=https%3A%2F%2Fsicherewiesn.de%2Fwordpress%2F%3Fp%3D173&text=%C3%9Cber%20die%20Aktion\" title=\"Bei X teilen\" aria-label=\"Bei X teilen\" role=\"button\" rel=\"noopener nofollow\" class=\"shariff-link\" style=\"; background-color:#000; color:#fff\" target=\"_blank\"><span class=\"shariff-icon\" style=\"\"><svg width=\"32px\" height=\"20px\" xmlns=\"http:\/\/www.w3.org\/2000\/svg\" viewBox=\"0 0 24 24\"><path fill=\"#000\" d=\"M14.258 10.152L23.176 0h-2.113l-7.747 8.813L7.133 0H0l9.352 13.328L0 23.973h2.113l8.176-9.309 6.531 9.309h7.133zm-2.895 3.293l-.949-1.328L2.875 1.56h3.246l6.086 8.523.945 1.328 7.91 11.078h-3.246zm0 0\"\/><\/svg><\/span><\/a><\/li><li class=\"shariff-button whatsapp shariff-nocustomcolor\" style=\"background-color:#5cbe4a\"><a href=\"https:\/\/api.whatsapp.com\/send?text=https%3A%2F%2Fsicherewiesn.de%2Fwordpress%2F%3Fp%3D173%20%C3%9Cber%20die%20Aktion\" title=\"Bei Whatsapp teilen\" aria-label=\"Bei Whatsapp teilen\" role=\"button\" rel=\"noopener nofollow\" class=\"shariff-link\" style=\"; background-color:#34af23; color:#fff\" target=\"_blank\"><span class=\"shariff-icon\" style=\"\"><svg width=\"32px\" height=\"20px\" xmlns=\"http:\/\/www.w3.org\/2000\/svg\" viewBox=\"0 0 32 32\"><path fill=\"#34af23\" d=\"M17.6 17.4q0.2 0 1.7 0.8t1.6 0.9q0 0.1 0 0.3 0 0.6-0.3 1.4-0.3 0.7-1.3 1.2t-1.8 0.5q-1 0-3.4-1.1-1.7-0.8-3-2.1t-2.6-3.3q-1.3-1.9-1.3-3.5v-0.1q0.1-1.6 1.3-2.8 0.4-0.4 0.9-0.4 0.1 0 0.3 0t0.3 0q0.3 0 0.5 0.1t0.3 0.5q0.1 0.4 0.6 1.6t0.4 1.3q0 0.4-0.6 1t-0.6 0.8q0 0.1 0.1 0.3 0.6 1.3 1.8 2.4 1 0.9 2.7 1.8 0.2 0.1 0.4 0.1 0.3 0 1-0.9t0.9-0.9zM14 26.9q2.3 0 4.3-0.9t3.6-2.4 2.4-3.6 0.9-4.3-0.9-4.3-2.4-3.6-3.6-2.4-4.3-0.9-4.3 0.9-3.6 2.4-2.4 3.6-0.9 4.3q0 3.6 2.1 6.6l-1.4 4.2 4.3-1.4q2.8 1.9 6.2 1.9zM14 2.2q2.7 0 5.2 1.1t4.3 2.9 2.9 4.3 1.1 5.2-1.1 5.2-2.9 4.3-4.3 2.9-5.2 1.1q-3.5 0-6.5-1.7l-7.4 2.4 2.4-7.2q-1.9-3.2-1.9-6.9 0-2.7 1.1-5.2t2.9-4.3 4.3-2.9 5.2-1.1z\"\/><\/svg><\/span><\/a><\/li><\/ul><\/div>","protected":false},"excerpt":{"rendered":"<p>Spa\u00df auf der Wiesn \u2013 aber sicher! Hier gibt&#8217;s Informationen zu unserem Angebot f\u00fcr M\u00e4dchen* und Frauen* auf dem Oktoberfest. \u00dcber die Aktion Das M\u00fcnchner Oktoberfest ist das gr\u00f6\u00dfte und beliebteste Volksfest der Welt. Das Publikum ist international, der Bekanntheitsgrad extrem hoch. Tradition, Genuss und Spa\u00df sind die herausragenden Werte der Wiesn. Die Schattenseite ist, &#8230; <a title=\"\u00dcber die Aktion\" class=\"read-more\" href=\"https:\/\/sicherewiesn.de\/wordpress\/?p=173\" aria-label=\"Mehr Informationen \u00fcber \u00dcber die Aktion\">Weiterlesen &#8230;<\/a><\/p>\n","protected":false},"author":1,"featured_media":0,"parent":0,"menu_order":0,"comment_status":"closed","ping_status":"closed","template":"","meta":{"generate_page_header":"","footnotes":""},"class_list":["post-7","page","type-page","status-publish","hentry","infinite-scroll-item"],"_links":{"self":[{"href":"https:\/\/sicherewiesn.de\/wordpress\/wp-json\/wp\/v2\/pages\/7","targetHints":{"allow":["GET"]}}],"collection":[{"href":"https:\/\/sicherewiesn.de\/wordpress\/wp-json\/wp\/v2\/pages"}],"about":[{"href":"https:\/\/sicherewiesn.de\/wordpress\/wp-json\/wp\/v2\/types\/page"}],"author":[{"embeddable":true,"href":"https:\/\/sicherewiesn.de\/wordpress\/wp-json\/wp\/v2\/users\/1"}],"replies":[{"embeddable":true,"href":"https:\/\/sicherewiesn.de\/wordpress\/wp-json\/wp\/v2\/comments?post=7"}],"version-history":[{"count":56,"href":"https:\/\/sicherewiesn.de\/wordpress\/wp-json\/wp\/v2\/pages\/7\/revisions"}],"predecessor-version":[{"id":2139,"href":"https:\/\/sicherewiesn.de\/wordpress\/wp-json\/wp\/v2\/pages\/7\/revisions\/2139"}],"wp:attachment":[{"href":"https:\/\/sicherewiesn.de\/wordpress\/wp-json\/wp\/v2\/media?parent=7"}],"curies":[{"name":"wp","href":"https:\/\/api.w.org\/{rel}","templated":true}]}}