{"id":135,"date":"2016-06-17T06:44:13","date_gmt":"2016-06-17T06:44:13","guid":{"rendered":"http:\/\/sicherewiesn.de\/wordpress\/?page_id=135"},"modified":"2025-06-27T10:27:13","modified_gmt":"2025-06-27T10:27:13","slug":"pausenhofprojekt","status":"publish","type":"page","link":"https:\/\/sicherewiesn.de\/wordpress\/pausenhofprojekt\/","title":{"rendered":"Pausenhofprojekt &#8211; Pr\u00e4vention macht Schule!"},"content":{"rendered":"\n<p><strong>Pausenhofprojekt \u2013 Pr\u00e4vention macht Schule!<\/strong><\/p>\n\n\n\n<p>Breit angelegte Pr\u00e4vention ist ein wichtiges Ziel der Aktion \u201eSichere Wiesn f\u00fcr M\u00e4dchen* und Frauen*\u201c. Mit unserem Pausenhofprojekt, das j\u00e4hrlich zu Schulbeginn stattfindet, erreichen wir zahlreiche M\u00fcnchner Sch\u00fcler*innen.<\/p>\n\n\n\n<div class=\"wp-block-columns is-layout-flex wp-container-core-columns-is-layout-9d6595d7 wp-block-columns-is-layout-flex\">\n<div class=\"wp-block-column is-layout-flow wp-block-column-is-layout-flow\">\n<figure class=\"wp-block-image\"><img loading=\"lazy\" decoding=\"async\" width=\"225\" height=\"300\" src=\"https:\/\/sicherewiesn.de\/wordpress\/wp-content\/uploads\/2023\/05\/Pausenhofprojekt-225x300.jpg\" alt=\"\" class=\"wp-image-1700\" srcset=\"https:\/\/sicherewiesn.de\/wordpress\/wp-content\/uploads\/2023\/05\/Pausenhofprojekt-225x300.jpg 225w, https:\/\/sicherewiesn.de\/wordpress\/wp-content\/uploads\/2023\/05\/Pausenhofprojekt-768x1024.jpg 768w, https:\/\/sicherewiesn.de\/wordpress\/wp-content\/uploads\/2023\/05\/Pausenhofprojekt-1152x1536.jpg 1152w, https:\/\/sicherewiesn.de\/wordpress\/wp-content\/uploads\/2023\/05\/Pausenhofprojekt.jpg 1200w\" sizes=\"auto, (max-width: 225px) 100vw, 225px\" \/><\/figure>\n<\/div>\n\n\n\n<div class=\"wp-block-column is-layout-flow wp-block-column-is-layout-flow\">\n<figure class=\"wp-block-image\"><img loading=\"lazy\" decoding=\"async\" width=\"300\" height=\"225\" src=\"https:\/\/sicherewiesn.de\/wordpress\/wp-content\/uploads\/2023\/05\/Pausenhofprojekt-2-300x225.jpg\" alt=\"\" class=\"wp-image-1701\" srcset=\"https:\/\/sicherewiesn.de\/wordpress\/wp-content\/uploads\/2023\/05\/Pausenhofprojekt-2-300x225.jpg 300w, https:\/\/sicherewiesn.de\/wordpress\/wp-content\/uploads\/2023\/05\/Pausenhofprojekt-2-1024x768.jpg 1024w, https:\/\/sicherewiesn.de\/wordpress\/wp-content\/uploads\/2023\/05\/Pausenhofprojekt-2-768x576.jpg 768w, https:\/\/sicherewiesn.de\/wordpress\/wp-content\/uploads\/2023\/05\/Pausenhofprojekt-2-1536x1152.jpg 1536w, https:\/\/sicherewiesn.de\/wordpress\/wp-content\/uploads\/2023\/05\/Pausenhofprojekt-2.jpg 1600w\" sizes=\"auto, (max-width: 300px) 100vw, 300px\" \/><\/figure>\n<\/div>\n<\/div>\n\n\n\n<p><strong>Pausenhofprojekt <\/strong><\/p>\n\n\n\n<p>Die Ziele des Pausenhofprojektes sind:<\/p>\n\n\n\n<ul class=\"wp-block-list\">\n<li>Handlungsm\u00f6glichkeiten aufzeigen: Wie k\u00f6nnen sich M\u00e4dchen* vor Gewalt sch\u00fctzen?<\/li>\n\n\n\n<li>Die Sicherheit und das individuelle Sicherheitsgef\u00fchl der M\u00e4dchen* erh\u00f6hen<\/li>\n\n\n\n<li>Hilfen f\u00fcr betroffene M\u00e4dchen* und Frauen* bekannt machen<\/li>\n\n\n\n<li>Die Wahrnehmung von sexuellen \u00dcbergriffen auf dem Oktoberfest f\u00f6rdern<\/li>\n\n\n\n<li>Zivilcourage und solidarisches Handeln st\u00e4rken<\/li>\n<\/ul>\n\n\n\n<p>Im Rahmen des Pr\u00e4ventionsangebots erhalten Sch\u00fcler*innen wertvolle Tipps f\u00fcr einen sicheren Wiesnbesuch. Au\u00dferdem lernen die Jugendlichen das Hilfsangebot des \u201eSafe Space f\u00fcr M\u00e4dchen* und Frauen*\u201c auf dem Oktoberfest kennen. Das Pausenhofprojekt richtet sich an Sch\u00fcler*innen ab der 9.\/10. Klasse aller Schulformen. Das Angebot umfasst einst\u00fcndige Workshops zu den Schwerpunkten \u201eSelbstschutz\u201c und \u201eZivilcourage\u201c. Dabei geht es vor allem darum, mit den Sch\u00fcler*innen altersgerecht und empowernd zu den Themen ins Gespr\u00e4ch zu kommen, sie zu informieren und ihre Fragen zu beantworten. Weiterhin bieten wir einen Informationsstand in der Pause an. Dort haben die Sch\u00fcler*innen Gelegenheit, Infomaterialien und Tipps f\u00fcr ihren Oktoberfestbesuch sowie Antworten auf individuelle Fragen zu erhalten.<\/p>\n\n\n\n<p>Haben Sie Interesse das Pausenhofprojekt an Ihre Schule zu holen? Nehmen Sie <a href=\"\/\/sicherewiesn.de\/wordpress\/de\/kontakt\/\" target=\"_self\" rel=\"noopener\">Kontakt<\/a> zu uns auf.<\/p>\n\n\n\n<p>F\u00fcr das Jahr 2025 ist das Pausenhofprojekt leider schon komplett ausgebucht.<\/p>\n\n\n\n<p>Bitte haben Sie Verst\u00e4ndnis daf\u00fcr, dass wir das Pausenhofprojekt f\u00fcr Schulen nicht kostenfrei anbieten k\u00f6nnen.<\/p>\n\n\n\n<hr class=\"wp-block-separator has-alpha-channel-opacity\"\/>\n\n\n\n<p><a href=\"\/\/sicherewiesn.de\/wordpress\/\">\u2039 zur\u00fcck zur Startseite<\/a><\/p>\n<div class=\"shariff shariff-align-left shariff-widget-align-left\" data-services=\"facebook\" data-url=\"https:\/\/sicherewiesn.de\/wordpress\/pausenhofprojekt\/\" data-timestamp=\"1751020033\" data-backendurl=\"https:\/\/sicherewiesn.de\/wordpress\/wp-json\/shariff\/v1\/share_counts?\"><div class=\"ShariffHeadline\">Teile diesen Beitrag<\/div><ul class=\"shariff-buttons theme-round orientation-horizontal buttonsize-medium\"><li class=\"shariff-button facebook shariff-nocustomcolor\" style=\"background-color:#4273c8\"><a href=\"https:\/\/www.facebook.com\/sharer\/sharer.php?u=https%3A%2F%2Fsicherewiesn.de%2Fwordpress%2Fpausenhofprojekt%2F\" title=\"Bei Facebook teilen\" aria-label=\"Bei Facebook teilen\" role=\"button\" rel=\"nofollow\" class=\"shariff-link\" style=\"; background-color:#3b5998; color:#fff\" target=\"_blank\"><span class=\"shariff-icon\" style=\"\"><svg width=\"32px\" height=\"20px\" xmlns=\"http:\/\/www.w3.org\/2000\/svg\" viewBox=\"0 0 18 32\"><path fill=\"#3b5998\" d=\"M17.1 0.2v4.7h-2.8q-1.5 0-2.1 0.6t-0.5 1.9v3.4h5.2l-0.7 5.3h-4.5v13.6h-5.5v-13.6h-4.5v-5.3h4.5v-3.9q0-3.3 1.9-5.2t5-1.8q2.6 0 4.1 0.2z\"\/><\/svg><\/span><\/a><\/li><li class=\"shariff-button twitter shariff-nocustomcolor\" style=\"background-color:#595959\"><a href=\"https:\/\/twitter.com\/share?url=https%3A%2F%2Fsicherewiesn.de%2Fwordpress%2Fpausenhofprojekt%2F&text=Pausenhofprojekt%20%E2%80%93%20Pr%C3%A4vention%20macht%20Schule%21\" title=\"Bei X teilen\" aria-label=\"Bei X teilen\" role=\"button\" rel=\"noopener nofollow\" class=\"shariff-link\" style=\"; background-color:#000; color:#fff\" target=\"_blank\"><span class=\"shariff-icon\" style=\"\"><svg width=\"32px\" height=\"20px\" xmlns=\"http:\/\/www.w3.org\/2000\/svg\" viewBox=\"0 0 24 24\"><path fill=\"#000\" d=\"M14.258 10.152L23.176 0h-2.113l-7.747 8.813L7.133 0H0l9.352 13.328L0 23.973h2.113l8.176-9.309 6.531 9.309h7.133zm-2.895 3.293l-.949-1.328L2.875 1.56h3.246l6.086 8.523.945 1.328 7.91 11.078h-3.246zm0 0\"\/><\/svg><\/span><\/a><\/li><li class=\"shariff-button whatsapp shariff-nocustomcolor\" style=\"background-color:#5cbe4a\"><a href=\"https:\/\/api.whatsapp.com\/send?text=https%3A%2F%2Fsicherewiesn.de%2Fwordpress%2Fpausenhofprojekt%2F%20Pausenhofprojekt%20%E2%80%93%20Pr%C3%A4vention%20macht%20Schule%21\" title=\"Bei Whatsapp teilen\" aria-label=\"Bei Whatsapp teilen\" role=\"button\" rel=\"noopener nofollow\" class=\"shariff-link\" style=\"; background-color:#34af23; color:#fff\" target=\"_blank\"><span class=\"shariff-icon\" style=\"\"><svg width=\"32px\" height=\"20px\" xmlns=\"http:\/\/www.w3.org\/2000\/svg\" viewBox=\"0 0 32 32\"><path fill=\"#34af23\" d=\"M17.6 17.4q0.2 0 1.7 0.8t1.6 0.9q0 0.1 0 0.3 0 0.6-0.3 1.4-0.3 0.7-1.3 1.2t-1.8 0.5q-1 0-3.4-1.1-1.7-0.8-3-2.1t-2.6-3.3q-1.3-1.9-1.3-3.5v-0.1q0.1-1.6 1.3-2.8 0.4-0.4 0.9-0.4 0.1 0 0.3 0t0.3 0q0.3 0 0.5 0.1t0.3 0.5q0.1 0.4 0.6 1.6t0.4 1.3q0 0.4-0.6 1t-0.6 0.8q0 0.1 0.1 0.3 0.6 1.3 1.8 2.4 1 0.9 2.7 1.8 0.2 0.1 0.4 0.1 0.3 0 1-0.9t0.9-0.9zM14 26.9q2.3 0 4.3-0.9t3.6-2.4 2.4-3.6 0.9-4.3-0.9-4.3-2.4-3.6-3.6-2.4-4.3-0.9-4.3 0.9-3.6 2.4-2.4 3.6-0.9 4.3q0 3.6 2.1 6.6l-1.4 4.2 4.3-1.4q2.8 1.9 6.2 1.9zM14 2.2q2.7 0 5.2 1.1t4.3 2.9 2.9 4.3 1.1 5.2-1.1 5.2-2.9 4.3-4.3 2.9-5.2 1.1q-3.5 0-6.5-1.7l-7.4 2.4 2.4-7.2q-1.9-3.2-1.9-6.9 0-2.7 1.1-5.2t2.9-4.3 4.3-2.9 5.2-1.1z\"\/><\/svg><\/span><\/a><\/li><\/ul><\/div>","protected":false},"excerpt":{"rendered":"<p>Pausenhofprojekt \u2013 Pr\u00e4vention macht Schule! Breit angelegte Pr\u00e4vention ist ein wichtiges Ziel der Aktion \u201eSichere Wiesn f\u00fcr M\u00e4dchen* und Frauen*\u201c. Mit unserem Pausenhofprojekt, das j\u00e4hrlich zu Schulbeginn stattfindet, erreichen wir zahlreiche M\u00fcnchner Sch\u00fcler*innen. Pausenhofprojekt Die Ziele des Pausenhofprojektes sind: Im Rahmen des Pr\u00e4ventionsangebots erhalten Sch\u00fcler*innen wertvolle Tipps f\u00fcr einen sicheren Wiesnbesuch. Au\u00dferdem lernen die Jugendlichen &#8230; <a title=\"Pausenhofprojekt &#8211; Pr\u00e4vention macht Schule!\" class=\"read-more\" href=\"https:\/\/sicherewiesn.de\/wordpress\/pausenhofprojekt\/\" aria-label=\"Mehr Informationen \u00fcber Pausenhofprojekt &#8211; Pr\u00e4vention macht Schule!\">Weiterlesen &#8230;<\/a><\/p>\n","protected":false},"author":1,"featured_media":0,"parent":0,"menu_order":0,"comment_status":"closed","ping_status":"closed","template":"","meta":{"generate_page_header":"","footnotes":""},"class_list":{"0":"post-135","1":"page","2":"type-page","3":"status-publish","5":"infinite-scroll-item"},"_links":{"self":[{"href":"https:\/\/sicherewiesn.de\/wordpress\/wp-json\/wp\/v2\/pages\/135","targetHints":{"allow":["GET"]}}],"collection":[{"href":"https:\/\/sicherewiesn.de\/wordpress\/wp-json\/wp\/v2\/pages"}],"about":[{"href":"https:\/\/sicherewiesn.de\/wordpress\/wp-json\/wp\/v2\/types\/page"}],"author":[{"embeddable":true,"href":"https:\/\/sicherewiesn.de\/wordpress\/wp-json\/wp\/v2\/users\/1"}],"replies":[{"embeddable":true,"href":"https:\/\/sicherewiesn.de\/wordpress\/wp-json\/wp\/v2\/comments?post=135"}],"version-history":[{"count":8,"href":"https:\/\/sicherewiesn.de\/wordpress\/wp-json\/wp\/v2\/pages\/135\/revisions"}],"predecessor-version":[{"id":2127,"href":"https:\/\/sicherewiesn.de\/wordpress\/wp-json\/wp\/v2\/pages\/135\/revisions\/2127"}],"wp:attachment":[{"href":"https:\/\/sicherewiesn.de\/wordpress\/wp-json\/wp\/v2\/media?parent=135"}],"curies":[{"name":"wp","href":"https:\/\/api.w.org\/{rel}","templated":true}]}}

Pausenhofprojekt &#8211; Prävention macht Schule!

<p><strong>Pausenhofprojekt – Prävention macht Schule!</strong></p>



<p>Breit angelegte Prävention ist ein wichtiges Ziel der Aktion „Sichere Wiesn für Mädchen* und Frauen*“. Mit unserem Pausenhofprojekt, das jährlich zu Schulbeginn stattfindet, erreichen wir zahlreiche Münchner Schüler*innen.</p>



<div class="wp-block-columns is-layout-flex wp-container-core-columns-is-layout-9d6595d7 wp-block-columns-is-layout-flex">
<div class="wp-block-column is-layout-flow wp-block-column-is-layout-flow">
<figure class="wp-block-image"><img loading="lazy" decoding="async" width="225" height="300" src="https://sicherewiesn.de/wordpress/wp-content/uploads/2023/05/Pausenhofprojekt-225x300.jpg" alt="" class="wp-image-1700" srcset="https://sicherewiesn.de/wordpress/wp-content/uploads/2023/05/Pausenhofprojekt-225x300.jpg 225w, https://sicherewiesn.de/wordpress/wp-content/uploads/2023/05/Pausenhofprojekt-768x1024.jpg 768w, https://sicherewiesn.de/wordpress/wp-content/uploads/2023/05/Pausenhofprojekt-1152x1536.jpg 1152w, https://sicherewiesn.de/wordpress/wp-content/uploads/2023/05/Pausenhofprojekt.jpg 1200w" sizes="auto, (max-width: 225px) 100vw, 225px" /></figure>
</div>



<div class="wp-block-column is-layout-flow wp-block-column-is-layout-flow">
<figure class="wp-block-image"><img loading="lazy" decoding="async" width="300" height="225" src="https://sicherewiesn.de/wordpress/wp-content/uploads/2023/05/Pausenhofprojekt-2-300x225.jpg" alt="" class="wp-image-1701" srcset="https://sicherewiesn.de/wordpress/wp-content/uploads/2023/05/Pausenhofprojekt-2-300x225.jpg 300w, https://sicherewiesn.de/wordpress/wp-content/uploads/2023/05/Pausenhofprojekt-2-1024x768.jpg 1024w, https://sicherewiesn.de/wordpress/wp-content/uploads/2023/05/Pausenhofprojekt-2-768x576.jpg 768w, https://sicherewiesn.de/wordpress/wp-content/uploads/2023/05/Pausenhofprojekt-2-1536x1152.jpg 1536w, https://sicherewiesn.de/wordpress/wp-content/uploads/2023/05/Pausenhofprojekt-2.jpg 1600w" sizes="auto, (max-width: 300px) 100vw, 300px" /></figure>
</div>
</div>



<p><strong>Pausenhofprojekt </strong></p>



<p>Die Ziele des Pausenhofprojektes sind:</p>



<ul class="wp-block-list">
<li>Handlungsmöglichkeiten aufzeigen: Wie können sich Mädchen* vor Gewalt schützen?</li>



<li>Die Sicherheit und das individuelle Sicherheitsgefühl der Mädchen* erhöhen</li>



<li>Hilfen für betroffene Mädchen* und Frauen* bekannt machen</li>



<li>Die Wahrnehmung von sexuellen Übergriffen auf dem Oktoberfest fördern</li>



<li>Zivilcourage und solidarisches Handeln stärken</li>
</ul>



<p>Im Rahmen des Präventionsangebots erhalten Schüler*innen wertvolle Tipps für einen sicheren Wiesnbesuch. Außerdem lernen die Jugendlichen das Hilfsangebot des „Safe Space für Mädchen* und Frauen*“ auf dem Oktoberfest kennen. Das Pausenhofprojekt richtet sich an Schüler*innen ab der 9./10. Klasse aller Schulformen. Das Angebot umfasst einstündige Workshops zu den Schwerpunkten „Selbstschutz“ und „Zivilcourage“. Dabei geht es vor allem darum, mit den Schüler*innen altersgerecht und empowernd zu den Themen ins Gespräch zu kommen, sie zu informieren und ihre Fragen zu beantworten. Weiterhin bieten wir einen Informationsstand in der Pause an. Dort haben die Schüler*innen Gelegenheit, Infomaterialien und Tipps für ihren Oktoberfestbesuch sowie Antworten auf individuelle Fragen zu erhalten.</p>



<p>Haben Sie Interesse das Pausenhofprojekt an Ihre Schule zu holen? Nehmen Sie <a href="//sicherewiesn.de/wordpress/de/kontakt/" target="_self" rel="noopener">Kontakt</a> zu uns auf.</p>



<p>Für das Jahr 2025 ist das Pausenhofprojekt leider schon komplett ausgebucht.</p>



<p>Bitte haben Sie Verständnis dafür, dass wir das Pausenhofprojekt für Schulen nicht kostenfrei anbieten können.</p>



<hr class="wp-block-separator has-alpha-channel-opacity"/>



<p><a href="//sicherewiesn.de/wordpress/">‹ zurück zur Startseite</a></p>
<div class="shariff shariff-align-left shariff-widget-align-left" data-services="facebook" data-url="https://sicherewiesn.de/wordpress/pausenhofprojekt/" data-timestamp="1751020033" data-backendurl="https://sicherewiesn.de/wordpress/wp-json/shariff/v1/share_counts?"><div class="ShariffHeadline">Teile diesen Beitrag</div><ul class="shariff-buttons theme-round orientation-horizontal buttonsize-medium"><li class="shariff-button facebook shariff-nocustomcolor" style="background-color:#4273c8"><a href="https://www.facebook.com/sharer/sharer.php?u=https%3A%2F%2Fsicherewiesn.de%2Fwordpress%2Fpausenhofprojekt%2F" title="Bei Facebook teilen" aria-label="Bei Facebook teilen" role="button" rel="nofollow" class="shariff-link" style="; background-color:#3b5998; color:#fff" target="_blank"><span class="shariff-icon" style=""><svg width="32px" height="20px" xmlns="http://www.w3.org/2000/svg" viewBox="0 0 18 32"><path fill="#3b5998" d="M17.1 0.2v4.7h-2.8q-1.5 0-2.1 0.6t-0.5 1.9v3.4h5.2l-0.7 5.3h-4.5v13.6h-5.5v-13.6h-4.5v-5.3h4.5v-3.9q0-3.3 1.9-5.2t5-1.8q2.6 0 4.1 0.2z"/></svg></span></a></li><li class="shariff-button twitter shariff-nocustomcolor" style="background-color:#595959"><a href="https://twitter.com/share?url=https%3A%2F%2Fsicherewiesn.de%2Fwordpress%2Fpausenhofprojekt%2F&text=Pausenhofprojekt%20%E2%80%93%20Pr%C3%A4vention%20macht%20Schule%21" title="Bei X teilen" aria-label="Bei X teilen" role="button" rel="noopener nofollow" class="shariff-link" style="; background-color:#000; color:#fff" target="_blank"><span class="shariff-icon" style=""><svg width="32px" height="20px" xmlns="http://www.w3.org/2000/svg" viewBox="0 0 24 24"><path fill="#000" d="M14.258 10.152L23.176 0h-2.113l-7.747 8.813L7.133 0H0l9.352 13.328L0 23.973h2.113l8.176-9.309 6.531 9.309h7.133zm-2.895 3.293l-.949-1.328L2.875 1.56h3.246l6.086 8.523.945 1.328 7.91 11.078h-3.246zm0 0"/></svg></span></a></li><li class="shariff-button whatsapp shariff-nocustomcolor" style="background-color:#5cbe4a"><a href="https://api.whatsapp.com/send?text=https%3A%2F%2Fsicherewiesn.de%2Fwordpress%2Fpausenhofprojekt%2F%20Pausenhofprojekt%20%E2%80%93%20Pr%C3%A4vention%20macht%20Schule%21" title="Bei Whatsapp teilen" aria-label="Bei Whatsapp teilen" role="button" rel="noopener nofollow" class="shariff-link" style="; background-color:#34af23; color:#fff" target="_blank"><span class="shariff-icon" style=""><svg width="32px" height="20px" xmlns="http://www.w3.org/2000/svg" viewBox="0 0 32 32"><path fill="#34af23" d="M17.6 17.4q0.2 0 1.7 0.8t1.6 0.9q0 0.1 0 0.3 0 0.6-0.3 1.4-0.3 0.7-1.3 1.2t-1.8 0.5q-1 0-3.4-1.1-1.7-0.8-3-2.1t-2.6-3.3q-1.3-1.9-1.3-3.5v-0.1q0.1-1.6 1.3-2.8 0.4-0.4 0.9-0.4 0.1 0 0.3 0t0.3 0q0.3 0 0.5 0.1t0.3 0.5q0.1 0.4 0.6 1.6t0.4 1.3q0 0.4-0.6 1t-0.6 0.8q0 0.1 0.1 0.3 0.6 1.3 1.8 2.4 1 0.9 2.7 1.8 0.2 0.1 0.4 0.1 0.3 0 1-0.9t0.9-0.9zM14 26.9q2.3 0 4.3-0.9t3.6-2.4 2.4-3.6 0.9-4.3-0.9-4.3-2.4-3.6-3.6-2.4-4.3-0.9-4.3 0.9-3.6 2.4-2.4 3.6-0.9 4.3q0 3.6 2.1 6.6l-1.4 4.2 4.3-1.4q2.8 1.9 6.2 1.9zM14 2.2q2.7 0 5.2 1.1t4.3 2.9 2.9 4.3 1.1 5.2-1.1 5.2-2.9 4.3-4.3 2.9-5.2 1.1q-3.5 0-6.5-1.7l-7.4 2.4 2.4-7.2q-1.9-3.2-1.9-6.9 0-2.7 1.1-5.2t2.9-4.3 4.3-2.9 5.2-1.1z"/></svg></span></a></li></ul></div>

<p>Pausenhofprojekt – Prävention macht Schule! Breit angelegte Prävention ist ein wichtiges Ziel der Aktion „Sichere Wiesn für Mädchen* und Frauen*“. Mit unserem Pausenhofprojekt, das jährlich zu Schulbeginn stattfindet, erreichen wir zahlreiche Münchner Schüler*innen. Pausenhofprojekt Die Ziele des Pausenhofprojektes sind: Im Rahmen des Präventionsangebots erhalten Schüler*innen wertvolle Tipps für einen sicheren Wiesnbesuch. Außerdem lernen die Jugendlichen &#8230; <a title="Pausenhofprojekt &#8211; Prävention macht Schule!" class="read-more" href="https://sicherewiesn.de/wordpress/pausenhofprojekt/" aria-label="Mehr Informationen über Pausenhofprojekt &#8211; Prävention macht Schule!">Weiterlesen &#8230;</a></p>
