{"id":13,"date":"2016-06-10T11:35:13","date_gmt":"2016-06-10T11:35:13","guid":{"rendered":"http:\/\/sicherewiesn.de\/wordpress\/?page_id=13"},"modified":"2024-08-05T08:20:01","modified_gmt":"2024-08-05T08:20:01","slug":"unsere-ziele","status":"publish","type":"page","link":"https:\/\/sicherewiesn.de\/wordpress\/ueber-die-aktion\/unsere-ziele\/","title":{"rendered":"Unsere Ziele"},"content":{"rendered":"\n<h2 class=\"wp-block-heading\">Was wollen wir?<strong><br><\/strong><\/h2>\n\n\n\n<div class=\"wp-block-columns is-layout-flex wp-container-core-columns-is-layout-9d6595d7 wp-block-columns-is-layout-flex\">\n<div class=\"wp-block-column is-layout-flow wp-block-column-is-layout-flow\">\n<ul class=\"wp-block-list\">\n<li>die Sicherheit und das individuelle Sicherheitsgef\u00fchl von M\u00e4dchen* und Frauen* erh\u00f6hen<\/li>\n\n\n\n<li>Hilfen f\u00fcr betroffene M\u00e4dchen* und Frauen* bekannt machen<\/li>\n\n\n\n<li>Erreichen einer Nulltoleranzpolitik gegen sexuelle Gewalt auf dem Oktoberfest<\/li>\n\n\n\n<li>Zivilcourage und solidarisches Handeln st\u00e4rken<\/li>\n\n\n\n<li>die Wahrnehmung von sexuellen \u00dcbergriffen auf dem Oktoberfest f\u00f6rdern<\/li>\n\n\n\n<li>Handlungsm\u00f6glichkeiten aufzeigen: Wie k\u00f6nnen sich M\u00e4dchen* und Frauen* vor Gewalt sch\u00fctzen? Wie kann ich als Besucher*in bei sexuellen \u00dcbergriffen intervenieren?<\/li>\n<\/ul>\n<\/div>\n\n\n\n<div class=\"wp-block-column is-layout-flow wp-block-column-is-layout-flow\">\n<p><img loading=\"lazy\" decoding=\"async\" width=\"300\" height=\"451\" src=\"\/\/sicherewiesn.de\/wordpress\/wp-content\/uploads\/2016\/06\/Riesenrad.jpg\" alt=\"Riesenrad\"><\/p>\n<\/div>\n<\/div>\n\n\n\n<p><strong>Wir wollen, dass der Wiesnbesuch M\u00e4dchen* und Frauen* Spa\u00df macht und dass sie nach dem Oktoberfest sicher und unbeschadet wieder nach Hause kommen!<\/strong><\/p>\n\n\n\n<h2 class=\"wp-block-heading\">An wen richtet sich die Aktion &#8222;Sichere Wiesn f\u00fcr M\u00e4dchen* und Frauen*&#8220;?<\/h2>\n\n\n\n<p>Die Aktion richtet sich an Besucher und Besucherinnen des Oktoberfestes und an alle, die beruflich mit dem Oktoberfest zu tun haben: Schausteller*innen, Wiesnwirt*innen, Besch\u00e4ftigte in der Gastronomie und im Tourismus sowie \u00f6ffentliche und private Sicherheits- und Transportfachkr\u00e4fte. M\u00e4nner* und Frauen* sollen zur Verantwortung und Solidarit\u00e4t aufgerufen und potenzielle T\u00e4ter (T\u00e4terinnen) abgeschreckt werden. F\u00fcr betroffene Frauen* und M\u00e4dchen* bietet die Aktion mit dem Safe Space ein Unterst\u00fctzungsangebot direkt vor Ort. Aufgabe ist es, M\u00e4dchen* und Frauen* in allen Notlagen zur Seite zu stehen und sie zu unterst\u00fctzen.<br>Der Safe Space ist f\u00fcr alle Personen offen, die sich als Frauen identifizieren. Der Genderstern<br>steht f\u00fcr die Vielfalt von Weiblichkeit. Non-bin\u00e4re und intersexuelle Menschen, die sich angesprochen f\u00fchlen, sind ebenso willkommen.<\/p>\n\n\n\n<p>Dar\u00fcber hinaus geht es auch um die Ansprache der breiten \u00d6ffentlichkeit, die f\u00fcr das Tabu-Thema sexuelle Gewalt sensibilisiert wird. Viele Betroffene von sexueller Gewalt zeigen einen \u00dcbergriff nicht an, aus Angst, man k\u00f6nne ihnen nicht glauben oder ihnen eine Mitschuld geben. Jede Frau* hat das Recht, zu flirten, sich sexy anzuziehen, zu feiern und alleine nach Hause zu gehen. Niemand darf ihr zu nahe treten oder eine hilflose Situation ausnutzen. Die Schuld an einem \u00dcbergriff tr\u00e4gt immer der T\u00e4ter (die T\u00e4terin). Wer M\u00e4dchen* und Frauen* eine Mitschuld an einem \u00dcbergriff gibt, der verhindert, dass die T\u00e4ter (und T\u00e4terinnen) zur Verantwortung gezogen werden.<br><\/p>\n\n\n\n<hr class=\"wp-block-separator has-alpha-channel-opacity\"\/>\n\n\n\n<p><a href=\"\/\/sicherewiesn.de\/wordpress\/\">\u2039 zur\u00fcck zur Startseite<\/a><\/p>\n<div class=\"shariff shariff-align-left shariff-widget-align-left\" data-services=\"facebook\" data-url=\"https:\/\/sicherewiesn.de\/wordpress\/ueber-die-aktion\/unsere-ziele\/\" data-timestamp=\"1722846001\" data-backendurl=\"https:\/\/sicherewiesn.de\/wordpress\/wp-json\/shariff\/v1\/share_counts?\"><div class=\"ShariffHeadline\">Teile diesen Beitrag<\/div><ul class=\"shariff-buttons theme-round orientation-horizontal buttonsize-medium\"><li class=\"shariff-button facebook shariff-nocustomcolor\" style=\"background-color:#4273c8\"><a href=\"https:\/\/www.facebook.com\/sharer\/sharer.php?u=https%3A%2F%2Fsicherewiesn.de%2Fwordpress%2Fueber-die-aktion%2Funsere-ziele%2F\" title=\"Bei Facebook teilen\" aria-label=\"Bei Facebook teilen\" role=\"button\" rel=\"nofollow\" class=\"shariff-link\" style=\"; background-color:#3b5998; color:#fff\" target=\"_blank\"><span class=\"shariff-icon\" style=\"\"><svg width=\"32px\" height=\"20px\" xmlns=\"http:\/\/www.w3.org\/2000\/svg\" viewBox=\"0 0 18 32\"><path fill=\"#3b5998\" d=\"M17.1 0.2v4.7h-2.8q-1.5 0-2.1 0.6t-0.5 1.9v3.4h5.2l-0.7 5.3h-4.5v13.6h-5.5v-13.6h-4.5v-5.3h4.5v-3.9q0-3.3 1.9-5.2t5-1.8q2.6 0 4.1 0.2z\"\/><\/svg><\/span><\/a><\/li><li class=\"shariff-button twitter shariff-nocustomcolor\" style=\"background-color:#595959\"><a href=\"https:\/\/twitter.com\/share?url=https%3A%2F%2Fsicherewiesn.de%2Fwordpress%2Fueber-die-aktion%2Funsere-ziele%2F&text=Unsere%20Ziele\" title=\"Bei X teilen\" aria-label=\"Bei X teilen\" role=\"button\" rel=\"noopener nofollow\" class=\"shariff-link\" style=\"; background-color:#000; color:#fff\" target=\"_blank\"><span class=\"shariff-icon\" style=\"\"><svg width=\"32px\" height=\"20px\" xmlns=\"http:\/\/www.w3.org\/2000\/svg\" viewBox=\"0 0 24 24\"><path fill=\"#000\" d=\"M14.258 10.152L23.176 0h-2.113l-7.747 8.813L7.133 0H0l9.352 13.328L0 23.973h2.113l8.176-9.309 6.531 9.309h7.133zm-2.895 3.293l-.949-1.328L2.875 1.56h3.246l6.086 8.523.945 1.328 7.91 11.078h-3.246zm0 0\"\/><\/svg><\/span><\/a><\/li><li class=\"shariff-button whatsapp shariff-nocustomcolor\" style=\"background-color:#5cbe4a\"><a href=\"https:\/\/api.whatsapp.com\/send?text=https%3A%2F%2Fsicherewiesn.de%2Fwordpress%2Fueber-die-aktion%2Funsere-ziele%2F%20Unsere%20Ziele\" title=\"Bei Whatsapp teilen\" aria-label=\"Bei Whatsapp teilen\" role=\"button\" rel=\"noopener nofollow\" class=\"shariff-link\" style=\"; background-color:#34af23; color:#fff\" target=\"_blank\"><span class=\"shariff-icon\" style=\"\"><svg width=\"32px\" height=\"20px\" xmlns=\"http:\/\/www.w3.org\/2000\/svg\" viewBox=\"0 0 32 32\"><path fill=\"#34af23\" d=\"M17.6 17.4q0.2 0 1.7 0.8t1.6 0.9q0 0.1 0 0.3 0 0.6-0.3 1.4-0.3 0.7-1.3 1.2t-1.8 0.5q-1 0-3.4-1.1-1.7-0.8-3-2.1t-2.6-3.3q-1.3-1.9-1.3-3.5v-0.1q0.1-1.6 1.3-2.8 0.4-0.4 0.9-0.4 0.1 0 0.3 0t0.3 0q0.3 0 0.5 0.1t0.3 0.5q0.1 0.4 0.6 1.6t0.4 1.3q0 0.4-0.6 1t-0.6 0.8q0 0.1 0.1 0.3 0.6 1.3 1.8 2.4 1 0.9 2.7 1.8 0.2 0.1 0.4 0.1 0.3 0 1-0.9t0.9-0.9zM14 26.9q2.3 0 4.3-0.9t3.6-2.4 2.4-3.6 0.9-4.3-0.9-4.3-2.4-3.6-3.6-2.4-4.3-0.9-4.3 0.9-3.6 2.4-2.4 3.6-0.9 4.3q0 3.6 2.1 6.6l-1.4 4.2 4.3-1.4q2.8 1.9 6.2 1.9zM14 2.2q2.7 0 5.2 1.1t4.3 2.9 2.9 4.3 1.1 5.2-1.1 5.2-2.9 4.3-4.3 2.9-5.2 1.1q-3.5 0-6.5-1.7l-7.4 2.4 2.4-7.2q-1.9-3.2-1.9-6.9 0-2.7 1.1-5.2t2.9-4.3 4.3-2.9 5.2-1.1z\"\/><\/svg><\/span><\/a><\/li><\/ul><\/div>","protected":false},"excerpt":{"rendered":"<p>Was wollen wir? Wir wollen, dass der Wiesnbesuch M\u00e4dchen* und Frauen* Spa\u00df macht und dass sie nach dem Oktoberfest sicher und unbeschadet wieder nach Hause kommen! An wen richtet sich die Aktion &#8222;Sichere Wiesn f\u00fcr M\u00e4dchen* und Frauen*&#8220;? Die Aktion richtet sich an Besucher und Besucherinnen des Oktoberfestes und an alle, die beruflich mit dem &#8230; <a title=\"Unsere Ziele\" class=\"read-more\" href=\"https:\/\/sicherewiesn.de\/wordpress\/ueber-die-aktion\/unsere-ziele\/\" aria-label=\"Mehr Informationen \u00fcber Unsere Ziele\">Weiterlesen &#8230;<\/a><\/p>\n","protected":false},"author":1,"featured_media":0,"parent":143,"menu_order":0,"comment_status":"closed","ping_status":"closed","template":"","meta":{"generate_page_header":"","footnotes":""},"class_list":{"0":"post-13","1":"page","2":"type-page","3":"status-publish","5":"infinite-scroll-item"},"_links":{"self":[{"href":"https:\/\/sicherewiesn.de\/wordpress\/wp-json\/wp\/v2\/pages\/13","targetHints":{"allow":["GET"]}}],"collection":[{"href":"https:\/\/sicherewiesn.de\/wordpress\/wp-json\/wp\/v2\/pages"}],"about":[{"href":"https:\/\/sicherewiesn.de\/wordpress\/wp-json\/wp\/v2\/types\/page"}],"author":[{"embeddable":true,"href":"https:\/\/sicherewiesn.de\/wordpress\/wp-json\/wp\/v2\/users\/1"}],"replies":[{"embeddable":true,"href":"https:\/\/sicherewiesn.de\/wordpress\/wp-json\/wp\/v2\/comments?post=13"}],"version-history":[{"count":10,"href":"https:\/\/sicherewiesn.de\/wordpress\/wp-json\/wp\/v2\/pages\/13\/revisions"}],"predecessor-version":[{"id":1973,"href":"https:\/\/sicherewiesn.de\/wordpress\/wp-json\/wp\/v2\/pages\/13\/revisions\/1973"}],"up":[{"embeddable":true,"href":"https:\/\/sicherewiesn.de\/wordpress\/wp-json\/wp\/v2\/pages\/143"}],"wp:attachment":[{"href":"https:\/\/sicherewiesn.de\/wordpress\/wp-json\/wp\/v2\/media?parent=13"}],"curies":[{"name":"wp","href":"https:\/\/api.w.org\/{rel}","templated":true}]}}

<h2 class="wp-block-heading">Was wollen wir?<strong><br></strong></h2>



<div class="wp-block-columns is-layout-flex wp-container-core-columns-is-layout-9d6595d7 wp-block-columns-is-layout-flex">
<div class="wp-block-column is-layout-flow wp-block-column-is-layout-flow">
<ul class="wp-block-list">
<li>die Sicherheit und das individuelle Sicherheitsgefühl von Mädchen* und Frauen* erhöhen</li>



<li>Hilfen für betroffene Mädchen* und Frauen* bekannt machen</li>



<li>Erreichen einer Nulltoleranzpolitik gegen sexuelle Gewalt auf dem Oktoberfest</li>



<li>Zivilcourage und solidarisches Handeln stärken</li>



<li>die Wahrnehmung von sexuellen Übergriffen auf dem Oktoberfest fördern</li>



<li>Handlungsmöglichkeiten aufzeigen: Wie können sich Mädchen* und Frauen* vor Gewalt schützen? Wie kann ich als Besucher*in bei sexuellen Übergriffen intervenieren?</li>
</ul>
</div>



<div class="wp-block-column is-layout-flow wp-block-column-is-layout-flow">
<p><img loading="lazy" decoding="async" width="300" height="451" src="//sicherewiesn.de/wordpress/wp-content/uploads/2016/06/Riesenrad.jpg" alt="Riesenrad"></p>
</div>
</div>



<p><strong>Wir wollen, dass der Wiesnbesuch Mädchen* und Frauen* Spaß macht und dass sie nach dem Oktoberfest sicher und unbeschadet wieder nach Hause kommen!</strong></p>



<h2 class="wp-block-heading">An wen richtet sich die Aktion &#8222;Sichere Wiesn für Mädchen* und Frauen*&#8220;?</h2>



<p>Die Aktion richtet sich an Besucher und Besucherinnen des Oktoberfestes und an alle, die beruflich mit dem Oktoberfest zu tun haben: Schausteller*innen, Wiesnwirt*innen, Beschäftigte in der Gastronomie und im Tourismus sowie öffentliche und private Sicherheits- und Transportfachkräfte. Männer* und Frauen* sollen zur Verantwortung und Solidarität aufgerufen und potenzielle Täter (Täterinnen) abgeschreckt werden. Für betroffene Frauen* und Mädchen* bietet die Aktion mit dem Safe Space ein Unterstützungsangebot direkt vor Ort. Aufgabe ist es, Mädchen* und Frauen* in allen Notlagen zur Seite zu stehen und sie zu unterstützen.<br>Der Safe Space ist für alle Personen offen, die sich als Frauen identifizieren. Der Genderstern<br>steht für die Vielfalt von Weiblichkeit. Non-binäre und intersexuelle Menschen, die sich angesprochen fühlen, sind ebenso willkommen.</p>



<p>Darüber hinaus geht es auch um die Ansprache der breiten Öffentlichkeit, die für das Tabu-Thema sexuelle Gewalt sensibilisiert wird. Viele Betroffene von sexueller Gewalt zeigen einen Übergriff nicht an, aus Angst, man könne ihnen nicht glauben oder ihnen eine Mitschuld geben. Jede Frau* hat das Recht, zu flirten, sich sexy anzuziehen, zu feiern und alleine nach Hause zu gehen. Niemand darf ihr zu nahe treten oder eine hilflose Situation ausnutzen. Die Schuld an einem Übergriff trägt immer der Täter (die Täterin). Wer Mädchen* und Frauen* eine Mitschuld an einem Übergriff gibt, der verhindert, dass die Täter (und Täterinnen) zur Verantwortung gezogen werden.<br></p>



<hr class="wp-block-separator has-alpha-channel-opacity"/>



<p><a href="//sicherewiesn.de/wordpress/">‹ zurück zur Startseite</a></p>
<div class="shariff shariff-align-left shariff-widget-align-left" data-services="facebook" data-url="https://sicherewiesn.de/wordpress/ueber-die-aktion/unsere-ziele/" data-timestamp="1722846001" data-backendurl="https://sicherewiesn.de/wordpress/wp-json/shariff/v1/share_counts?"><div class="ShariffHeadline">Teile diesen Beitrag</div><ul class="shariff-buttons theme-round orientation-horizontal buttonsize-medium"><li class="shariff-button facebook shariff-nocustomcolor" style="background-color:#4273c8"><a href="https://www.facebook.com/sharer/sharer.php?u=https%3A%2F%2Fsicherewiesn.de%2Fwordpress%2Fueber-die-aktion%2Funsere-ziele%2F" title="Bei Facebook teilen" aria-label="Bei Facebook teilen" role="button" rel="nofollow" class="shariff-link" style="; background-color:#3b5998; color:#fff" target="_blank"><span class="shariff-icon" style=""><svg width="32px" height="20px" xmlns="http://www.w3.org/2000/svg" viewBox="0 0 18 32"><path fill="#3b5998" d="M17.1 0.2v4.7h-2.8q-1.5 0-2.1 0.6t-0.5 1.9v3.4h5.2l-0.7 5.3h-4.5v13.6h-5.5v-13.6h-4.5v-5.3h4.5v-3.9q0-3.3 1.9-5.2t5-1.8q2.6 0 4.1 0.2z"/></svg></span></a></li><li class="shariff-button twitter shariff-nocustomcolor" style="background-color:#595959"><a href="https://twitter.com/share?url=https%3A%2F%2Fsicherewiesn.de%2Fwordpress%2Fueber-die-aktion%2Funsere-ziele%2F&text=Unsere%20Ziele" title="Bei X teilen" aria-label="Bei X teilen" role="button" rel="noopener nofollow" class="shariff-link" style="; background-color:#000; color:#fff" target="_blank"><span class="shariff-icon" style=""><svg width="32px" height="20px" xmlns="http://www.w3.org/2000/svg" viewBox="0 0 24 24"><path fill="#000" d="M14.258 10.152L23.176 0h-2.113l-7.747 8.813L7.133 0H0l9.352 13.328L0 23.973h2.113l8.176-9.309 6.531 9.309h7.133zm-2.895 3.293l-.949-1.328L2.875 1.56h3.246l6.086 8.523.945 1.328 7.91 11.078h-3.246zm0 0"/></svg></span></a></li><li class="shariff-button whatsapp shariff-nocustomcolor" style="background-color:#5cbe4a"><a href="https://api.whatsapp.com/send?text=https%3A%2F%2Fsicherewiesn.de%2Fwordpress%2Fueber-die-aktion%2Funsere-ziele%2F%20Unsere%20Ziele" title="Bei Whatsapp teilen" aria-label="Bei Whatsapp teilen" role="button" rel="noopener nofollow" class="shariff-link" style="; background-color:#34af23; color:#fff" target="_blank"><span class="shariff-icon" style=""><svg width="32px" height="20px" xmlns="http://www.w3.org/2000/svg" viewBox="0 0 32 32"><path fill="#34af23" d="M17.6 17.4q0.2 0 1.7 0.8t1.6 0.9q0 0.1 0 0.3 0 0.6-0.3 1.4-0.3 0.7-1.3 1.2t-1.8 0.5q-1 0-3.4-1.1-1.7-0.8-3-2.1t-2.6-3.3q-1.3-1.9-1.3-3.5v-0.1q0.1-1.6 1.3-2.8 0.4-0.4 0.9-0.4 0.1 0 0.3 0t0.3 0q0.3 0 0.5 0.1t0.3 0.5q0.1 0.4 0.6 1.6t0.4 1.3q0 0.4-0.6 1t-0.6 0.8q0 0.1 0.1 0.3 0.6 1.3 1.8 2.4 1 0.9 2.7 1.8 0.2 0.1 0.4 0.1 0.3 0 1-0.9t0.9-0.9zM14 26.9q2.3 0 4.3-0.9t3.6-2.4 2.4-3.6 0.9-4.3-0.9-4.3-2.4-3.6-3.6-2.4-4.3-0.9-4.3 0.9-3.6 2.4-2.4 3.6-0.9 4.3q0 3.6 2.1 6.6l-1.4 4.2 4.3-1.4q2.8 1.9 6.2 1.9zM14 2.2q2.7 0 5.2 1.1t4.3 2.9 2.9 4.3 1.1 5.2-1.1 5.2-2.9 4.3-4.3 2.9-5.2 1.1q-3.5 0-6.5-1.7l-7.4 2.4 2.4-7.2q-1.9-3.2-1.9-6.9 0-2.7 1.1-5.2t2.9-4.3 4.3-2.9 5.2-1.1z"/></svg></span></a></li></ul></div>

<p>Was wollen wir? Wir wollen, dass der Wiesnbesuch Mädchen* und Frauen* Spaß macht und dass sie nach dem Oktoberfest sicher und unbeschadet wieder nach Hause kommen! An wen richtet sich die Aktion &#8222;Sichere Wiesn für Mädchen* und Frauen*&#8220;? Die Aktion richtet sich an Besucher und Besucherinnen des Oktoberfestes und an alle, die beruflich mit dem &#8230; <a title="Unsere Ziele" class="read-more" href="https://sicherewiesn.de/wordpress/ueber-die-aktion/unsere-ziele/" aria-label="Mehr Informationen über Unsere Ziele">Weiterlesen &#8230;</a></p>
