{"id":123,"date":"2018-07-19T06:42:16","date_gmt":"2018-07-19T06:42:16","guid":{"rendered":"http:\/\/sicherewiesn.de\/wordpress\/?page_id=123"},"modified":"2025-09-18T13:07:19","modified_gmt":"2025-09-18T13:07:19","slug":"hintergrund-infos","status":"publish","type":"page","link":"https:\/\/sicherewiesn.de\/wordpress\/presse\/hintergrund-infos\/","title":{"rendered":"Hintergrund-Infos 2025"},"content":{"rendered":"<p>Hier finden Sie Hintergrund-Informationen zum Download zu folgenden Themen.<\/p>\n<h3 align=\"left\"><a href=\"https:\/\/sicherewiesn.de\/wordpress\/wp-content\/uploads\/2025\/09\/05_Orgateam_2025.pdf\">Organisationsteam 2025 (PDF, nicht barrierefrei)<\/a><\/h3>\n<p>Informationen \u00fcber das Organisationsteam von AMYNA e.V., IMMA e.V. und der Beratungsstelle Frauen*notruf.<\/p>\n<h3><a href=\"https:\/\/sicherewiesn.de\/wordpress\/wp-content\/uploads\/2025\/08\/05_Orgateam_2025.pdf\">Kurzinformationen 2025 (PDF, nicht barrierefrei)<\/a><\/h3>\n<p>\u00dcber die Aktion &#8222;Sichere Wiesn f\u00fcr M\u00e4dchen* und Frauen*&#8220;.<\/p>\n<h3><a href=\"https:\/\/sicherewiesn.de\/wordpress\/wp-content\/uploads\/2025\/09\/03_Safe-Space-Zahlen_2025.pdf\" target=\"_blank\" rel=\"noopener\">Der Safe Space in Zahlen (PDF, nicht barrierefrei)<\/a><\/h3>\n<p>\u00dcberblick \u00fcber die Entwicklung der Fallzahlen.<\/p>\n<h3><a href=\"https:\/\/sicherewiesn.de\/wordpress\/wp-content\/uploads\/2025\/08\/01_Pressetermine_2025.pdf\">Pressetermine 2025 (PDF, nicht barrierefrei)<\/a><\/h3>\n<p>Geplante Pressetermine im \u00dcberblick.<\/p>\n<h3><a href=\"https:\/\/sicherewiesn.de\/wordpress\/wp-content\/uploads\/2025\/08\/04_Initiatorinnen-und-Koop_2025.pdf\">Initiatorinnen 2025 (PDF, nicht barrierefrei)<\/a><\/h3>\n<p>Informationen \u00fcber die Initiatorinnen der Sicheren Wiesn.<\/p>\n<h3><a href=\"https:\/\/sicherewiesn.de\/wordpress\/wp-content\/uploads\/2025\/08\/06_Mediadaten_2025.pdf\">Mediadaten 2025 (PDF, nicht barrierefrei)<\/a><\/h3>\n<p>Mediadaten der \u00d6ffentlichkeitsarbeit der Aktion &#8222;Sichere Wiesn&#8220;<\/p>\n<h3><a href=\"https:\/\/sicherewiesn.de\/wordpress\/wp-content\/uploads\/2019\/07\/03_SecPo-Zahlen_2018_19.pdf\" target=\"_blank\" rel=\"noopener noreferrer\">Security Point Zahlen 2003-2018 (PDF, nicht barrierefrei)<\/a><\/h3>\n<p>2018 fand zum 16. Mal die Aktion &#8222;Sichere Wiesn&#8220; statt. Den Verlauf und alle Zahlen bis 2018 finden Sie hier.<\/p>\n<h3><a href=\"https:\/\/sicherewiesn.de\/wordpress\/wp-content\/uploads\/2016\/06\/06_Statistik-15-Jahre-SW_2017.pdf\" target=\"_blank\" rel=\"noopener noreferrer\">15 Jahre Sichere Wiesn (PDF, nicht barrierefrei)<\/a><\/h3>\n<p>2017 feierte die Sichere Wiesn ihr 15-j\u00e4hriges Bestehen. Hier finden Sie die wichtigsten Stationen der Aktion.<\/p>\n<hr \/>\n<p><a href=\"\/\/sicherewiesn.de\/wordpress\/\">\u2039 zur\u00fcck zur Startseite<\/a><\/p>\n<div class=\"shariff shariff-align-left shariff-widget-align-left\" data-services=\"facebook\" data-url=\"https:\/\/sicherewiesn.de\/wordpress\/presse\/hintergrund-infos\/\" data-timestamp=\"1758200839\" data-backendurl=\"https:\/\/sicherewiesn.de\/wordpress\/wp-json\/shariff\/v1\/share_counts?\"><div class=\"ShariffHeadline\">Teile diesen Beitrag<\/div><ul class=\"shariff-buttons theme-round orientation-horizontal buttonsize-medium\"><li class=\"shariff-button facebook shariff-nocustomcolor\" style=\"background-color:#4273c8\"><a href=\"https:\/\/www.facebook.com\/sharer\/sharer.php?u=https%3A%2F%2Fsicherewiesn.de%2Fwordpress%2Fpresse%2Fhintergrund-infos%2F\" title=\"Bei Facebook teilen\" aria-label=\"Bei Facebook teilen\" role=\"button\" rel=\"nofollow\" class=\"shariff-link\" style=\"; background-color:#3b5998; color:#fff\" target=\"_blank\"><span class=\"shariff-icon\" style=\"\"><svg width=\"32px\" height=\"20px\" xmlns=\"http:\/\/www.w3.org\/2000\/svg\" viewBox=\"0 0 18 32\"><path fill=\"#3b5998\" d=\"M17.1 0.2v4.7h-2.8q-1.5 0-2.1 0.6t-0.5 1.9v3.4h5.2l-0.7 5.3h-4.5v13.6h-5.5v-13.6h-4.5v-5.3h4.5v-3.9q0-3.3 1.9-5.2t5-1.8q2.6 0 4.1 0.2z\"\/><\/svg><\/span><\/a><\/li><li class=\"shariff-button twitter shariff-nocustomcolor\" style=\"background-color:#595959\"><a href=\"https:\/\/twitter.com\/share?url=https%3A%2F%2Fsicherewiesn.de%2Fwordpress%2Fpresse%2Fhintergrund-infos%2F&text=Hintergrund-Infos%202025\" title=\"Bei X teilen\" aria-label=\"Bei X teilen\" role=\"button\" rel=\"noopener nofollow\" class=\"shariff-link\" style=\"; background-color:#000; color:#fff\" target=\"_blank\"><span class=\"shariff-icon\" style=\"\"><svg width=\"32px\" height=\"20px\" xmlns=\"http:\/\/www.w3.org\/2000\/svg\" viewBox=\"0 0 24 24\"><path fill=\"#000\" d=\"M14.258 10.152L23.176 0h-2.113l-7.747 8.813L7.133 0H0l9.352 13.328L0 23.973h2.113l8.176-9.309 6.531 9.309h7.133zm-2.895 3.293l-.949-1.328L2.875 1.56h3.246l6.086 8.523.945 1.328 7.91 11.078h-3.246zm0 0\"\/><\/svg><\/span><\/a><\/li><li class=\"shariff-button whatsapp shariff-nocustomcolor\" style=\"background-color:#5cbe4a\"><a href=\"https:\/\/api.whatsapp.com\/send?text=https%3A%2F%2Fsicherewiesn.de%2Fwordpress%2Fpresse%2Fhintergrund-infos%2F%20Hintergrund-Infos%202025\" title=\"Bei Whatsapp teilen\" aria-label=\"Bei Whatsapp teilen\" role=\"button\" rel=\"noopener nofollow\" class=\"shariff-link\" style=\"; background-color:#34af23; color:#fff\" target=\"_blank\"><span class=\"shariff-icon\" style=\"\"><svg width=\"32px\" height=\"20px\" xmlns=\"http:\/\/www.w3.org\/2000\/svg\" viewBox=\"0 0 32 32\"><path fill=\"#34af23\" d=\"M17.6 17.4q0.2 0 1.7 0.8t1.6 0.9q0 0.1 0 0.3 0 0.6-0.3 1.4-0.3 0.7-1.3 1.2t-1.8 0.5q-1 0-3.4-1.1-1.7-0.8-3-2.1t-2.6-3.3q-1.3-1.9-1.3-3.5v-0.1q0.1-1.6 1.3-2.8 0.4-0.4 0.9-0.4 0.1 0 0.3 0t0.3 0q0.3 0 0.5 0.1t0.3 0.5q0.1 0.4 0.6 1.6t0.4 1.3q0 0.4-0.6 1t-0.6 0.8q0 0.1 0.1 0.3 0.6 1.3 1.8 2.4 1 0.9 2.7 1.8 0.2 0.1 0.4 0.1 0.3 0 1-0.9t0.9-0.9zM14 26.9q2.3 0 4.3-0.9t3.6-2.4 2.4-3.6 0.9-4.3-0.9-4.3-2.4-3.6-3.6-2.4-4.3-0.9-4.3 0.9-3.6 2.4-2.4 3.6-0.9 4.3q0 3.6 2.1 6.6l-1.4 4.2 4.3-1.4q2.8 1.9 6.2 1.9zM14 2.2q2.7 0 5.2 1.1t4.3 2.9 2.9 4.3 1.1 5.2-1.1 5.2-2.9 4.3-4.3 2.9-5.2 1.1q-3.5 0-6.5-1.7l-7.4 2.4 2.4-7.2q-1.9-3.2-1.9-6.9 0-2.7 1.1-5.2t2.9-4.3 4.3-2.9 5.2-1.1z\"\/><\/svg><\/span><\/a><\/li><\/ul><\/div>","protected":false},"excerpt":{"rendered":"<p>Hier finden Sie Hintergrund-Informationen zum Download zu folgenden Themen. Organisationsteam 2025 (PDF, nicht barrierefrei) Informationen \u00fcber das Organisationsteam von AMYNA e.V., IMMA e.V. und der Beratungsstelle Frauen*notruf. Kurzinformationen 2025 (PDF, nicht barrierefrei) \u00dcber die Aktion &#8222;Sichere Wiesn f\u00fcr M\u00e4dchen* und Frauen*&#8220;. Der Safe Space in Zahlen (PDF, nicht barrierefrei) \u00dcberblick \u00fcber die Entwicklung der Fallzahlen. &#8230; <a title=\"Hintergrund-Infos 2025\" class=\"read-more\" href=\"https:\/\/sicherewiesn.de\/wordpress\/presse\/hintergrund-infos\/\" aria-label=\"Mehr Informationen \u00fcber Hintergrund-Infos 2025\">Weiterlesen &#8230;<\/a><\/p>\n","protected":false},"author":1,"featured_media":0,"parent":145,"menu_order":3,"comment_status":"closed","ping_status":"closed","template":"","meta":{"generate_page_header":"","footnotes":""},"class_list":{"0":"post-123","1":"page","2":"type-page","3":"status-publish","5":"infinite-scroll-item"},"_links":{"self":[{"href":"https:\/\/sicherewiesn.de\/wordpress\/wp-json\/wp\/v2\/pages\/123","targetHints":{"allow":["GET"]}}],"collection":[{"href":"https:\/\/sicherewiesn.de\/wordpress\/wp-json\/wp\/v2\/pages"}],"about":[{"href":"https:\/\/sicherewiesn.de\/wordpress\/wp-json\/wp\/v2\/types\/page"}],"author":[{"embeddable":true,"href":"https:\/\/sicherewiesn.de\/wordpress\/wp-json\/wp\/v2\/users\/1"}],"replies":[{"embeddable":true,"href":"https:\/\/sicherewiesn.de\/wordpress\/wp-json\/wp\/v2\/comments?post=123"}],"version-history":[{"count":26,"href":"https:\/\/sicherewiesn.de\/wordpress\/wp-json\/wp\/v2\/pages\/123\/revisions"}],"predecessor-version":[{"id":2228,"href":"https:\/\/sicherewiesn.de\/wordpress\/wp-json\/wp\/v2\/pages\/123\/revisions\/2228"}],"up":[{"embeddable":true,"href":"https:\/\/sicherewiesn.de\/wordpress\/wp-json\/wp\/v2\/pages\/145"}],"wp:attachment":[{"href":"https:\/\/sicherewiesn.de\/wordpress\/wp-json\/wp\/v2\/media?parent=123"}],"curies":[{"name":"wp","href":"https:\/\/api.w.org\/{rel}","templated":true}]}}