{"id":115,"date":"2016-06-17T06:40:59","date_gmt":"2016-06-17T06:40:59","guid":{"rendered":"http:\/\/sicherewiesn.de\/wordpress\/?page_id=115"},"modified":"2025-08-06T14:50:31","modified_gmt":"2025-08-06T14:50:31","slug":"partnerinnen","status":"publish","type":"page","link":"https:\/\/sicherewiesn.de\/wordpress\/ueber-die-aktion\/partnerinnen\/","title":{"rendered":"Unsere Partner*innen"},"content":{"rendered":"\n<p>Viele Unternehmen, \u00f6ffentliche Geldgeber*innen und Organisationen unterst\u00fctzen uns bereits finanziell oder logistisch und machen die Aktion &#8222;Sichere Wiesn f\u00fcr M\u00e4dchen* und Frauen* \u00fcberhaupt erst m\u00f6glich! Vielen herzlichen Dank daf\u00fcr! Wenn auch Sie Partner*in werden m\u00f6chten, <a href=\"\/\/sicherewiesn.de\/wordpress\/de\/kontakt\/\" target=\"_self\" rel=\"noopener noreferrer\">kontaktieren <\/a>Sie uns gerne.<\/p>\n\n\n\n<hr class=\"wp-block-separator has-alpha-channel-opacity\"\/>\n\n\n\n<figure class=\"wp-block-image size-full is-resized\"><img loading=\"lazy\" decoding=\"async\" width=\"592\" height=\"337\" src=\"https:\/\/sicherewiesn.de\/wordpress\/wp-content\/uploads\/2024\/08\/LogoHG_S_schwarz@3x.png\" alt=\"\" class=\"wp-image-1985\" style=\"width:290px;height:auto\" srcset=\"https:\/\/sicherewiesn.de\/wordpress\/wp-content\/uploads\/2024\/08\/LogoHG_S_schwarz@3x.png 592w, https:\/\/sicherewiesn.de\/wordpress\/wp-content\/uploads\/2024\/08\/LogoHG_S_schwarz@3x-300x171.png 300w\" sizes=\"auto, (max-width: 592px) 100vw, 592px\" \/><\/figure>\n\n\n\n<p>Seit Gr\u00fcndung im Jahr 1997 initiiert und unterst\u00fctzt die <strong>Deutsche Kinderschutzstiftung H\u00e4nsel + Gretel<\/strong> Kinderschutzprojekte, die missbrauchten Kindern direkte Hilfe bieten, aber auch die Arbeit an Strukturen sowie die Verbesserung der Lobby f\u00fcr Kinder. Familien, Eltern, Lehrer*innen, Erzieher*innen, Polizei, Jurist*innen und Mediziner*innen werden durch die vernetzte Arbeit der Stiftung bei deren Aufgaben im Kinderschutz unterst\u00fctzt. Mit der Beteiligung an dem Projekt Sichere Wiesn kn\u00fcpft die Stiftung an die Forderung nach Zivilcourage zum Schutz von M\u00e4dchen* und Frauen* an.<\/p>\n\n\n\n<hr class=\"wp-block-separator has-alpha-channel-opacity\"\/>\n\n\n\n<p>&#8222;Liebe Wiesnbesucher,<br>gerne unterst\u00fctzen wir die Aktion &#8222;Sichere Wiesn f\u00fcr M\u00e4dchen* und Frauen*&#8220;, da uns das Wohl unserer G\u00e4ste einfach wichtig ist. Gerade der Schutz von M\u00e4dchen* und Frauen* gegen sexuelle \u00dcbergriffe unter Alkoholeinfluss &#8211; nicht nur auf der Wiesn &#8211; ist uns dabei ein gro\u00dfes Anliegen.<br>Damit Feiern einfach Spa\u00df macht!&#8220;<\/p>\n\n\n\n<p><strong>Josef Schmidbauer<\/strong><br><strong>Festwirt der H\u00fchner- und Entenbraterei AMMER<\/strong><br><img loading=\"lazy\" decoding=\"async\" class=\"alignnone size-full wp-image-360\" src=\"\/\/sicherewiesn.de\/wordpress\/wp-content\/uploads\/2016\/06\/logo_ammer.gif\" alt=\"logo_ammer\" width=\"130\" height=\"69\"><\/p>\n\n\n\n<hr class=\"wp-block-separator has-alpha-channel-opacity\"\/>\n\n\n\n<p>&#8222;Die M\u00fcnchener Arbeiterwohlfahrt w\u00fcnscht eine sichere und friedliche Wiesn f\u00fcr Alle.<br>Gerne machen wir unsere ca. 2000 mehrheitlich weiblichen Mitarbeiterinnen und die Besucherinnen unserer Jugendfreizeiteinrichtungen und -projekte auf die wichtige Aktion &#8222;Sichere Wiesn&#8220; aufmerksam, weil sie konkrete Hilfe anbietet, um nicht Opfer sexueller Gewalt zu werden.&#8220;<br><strong>Johannes Schardt<\/strong><br><strong>Leitung Verbandsgesch\u00e4ftsstelle<\/strong><br><img loading=\"lazy\" decoding=\"async\" class=\"alignnone size-full wp-image-367\" src=\"\/\/sicherewiesn.de\/wordpress\/wp-content\/uploads\/2016\/06\/logo-awo.jpg\" alt=\"logo-awo\" width=\"100\" height=\"82\"><\/p>\n\n\n\n<hr class=\"wp-block-separator has-alpha-channel-opacity\"\/>\n\n\n\n<p>&#8222;Die IsarFunk 450 540 Taxizentrale ist ein fester Kooperationspartner der Aktion Sichere Wiesn f\u00fcr M\u00e4dchen* und Frauen*:<br><em>&#8222;Wir helfen der Aktion mit Taxigutscheinen und sorgen so f\u00fcr eine weitere M\u00f6glichkeit, die Klientinnen der Aktion sicher nach Hause zu bringen. Das Taxi z\u00e4hlt zu den sichersten Verkehrsmitteln im \u00d6ffentlichen Nahverkehr. W\u00e4hrend des Oktoberfestes ist es jedoch nicht immer leicht, ein Taxi zu bekommen &#8211; durch diese Zusammenarbeit k\u00f6nnen wir in Notf\u00e4llen besser helfen.&#8220;<\/em><br><br><img loading=\"lazy\" decoding=\"async\" width=\"150\" height=\"32\" class=\"alignnone size-full wp-image-597\" src=\"\/\/sicherewiesn.de\/wordpress\/wp-content\/uploads\/2016\/08\/Logo_Isarfunk.png\" alt=\"Logo_Isarfunk\"><\/p>\n\n\n\n<hr class=\"wp-block-separator has-alpha-channel-opacity\"\/>\n\n\n\n<p><\/p>\n\n\n\n<hr class=\"wp-block-separator has-alpha-channel-opacity\"\/>\n\n\n\n<p><strong>eolas informationsdesign gmbh<\/strong><br>&#8222;Wir m\u00f6chten uns als Unternehmen auch gesellschaftlich engagieren. Deshalb unterst\u00fctzen wir gerne die Aktion &#8222;Sichere Wiesn&#8220; mit der Entwicklung und Pflege der Wiesn-Website und hoffen, dadurch auch zu mehr Sicherheit von M\u00e4dchen* und Frauen* auf der Wiesn beitragen zu k\u00f6nnen.&#8220;<br><img loading=\"lazy\" decoding=\"async\" class=\"alignnone size-full wp-image-362\" src=\"\/\/sicherewiesn.de\/wordpress\/wp-content\/uploads\/2016\/06\/logo_eolas.gif\" alt=\"logo_eolas\" width=\"89\" height=\"46\"><\/p>\n\n\n\n<hr class=\"wp-block-separator has-alpha-channel-opacity\"\/>\n\n\n\n<p>&#8222;Alle M\u00e4dchen* und Frauen* sollten unbeschwert auf der Wiesn feiern k\u00f6nnen. Kommt es aber doch zu Bel\u00e4stigungen oder \u00dcbergriffen, gibt der Safe Space schnelle und angemessene Unterst\u00fctzung.&#8220;<\/p>\n\n\n\n<p><strong>Nicole Lassal, St\u00e4dtische Gleichstellungsbeauftragte<\/strong><\/p>\n\n\n\n<figure class=\"wp-block-image\"><img loading=\"lazy\" decoding=\"async\" width=\"300\" height=\"104\" src=\"https:\/\/sicherewiesn.de\/wordpress\/wp-content\/uploads\/2020\/02\/gst-12pt-300x104.jpg\" alt=\"\" class=\"wp-image-1089\" srcset=\"https:\/\/sicherewiesn.de\/wordpress\/wp-content\/uploads\/2020\/02\/gst-12pt-300x104.jpg 300w, https:\/\/sicherewiesn.de\/wordpress\/wp-content\/uploads\/2020\/02\/gst-12pt-600x207.jpg 600w, https:\/\/sicherewiesn.de\/wordpress\/wp-content\/uploads\/2020\/02\/gst-12pt.jpg 672w\" sizes=\"auto, (max-width: 300px) 100vw, 300px\" \/><\/figure>\n\n\n\n<hr class=\"wp-block-separator has-alpha-channel-opacity\"\/>\n\n\n\n<p><strong>Gleichstellungsstelle des Landkreises M\u00fcnchen<\/strong><\/p>\n\n\n\n<p><br>&#8222;Die Gleichstellungsstelle des Landkreises M\u00fcnchen betrachtet die Unterst\u00fctzung der Aktion &#8222;Sichere Wiesn&#8220; als einen wichtigen Beitrag zur F\u00f6rderung der Sicherheit und Integrit\u00e4t aller Frauen* und M\u00e4dchen*. Ob sie nun aus dem Landkreis M\u00fcnchen, aus der Stadt oder aus anderen L\u00e4ndern und Kontinenten kommen \u2013 um das j\u00e4hrlich sich wiederholende &#8222;besondere bayerische Event&#8220; mit zu erleben, ben\u00f6tigt es eine Anlaufstelle wie den &#8222;Safe Space&#8220; f\u00fcr den &#8222;Fall der F\u00e4lle&#8220;.<br><strong>Hanna Kollan, Gleichstellungsbeauftragte des Landkreises M\u00fcnchen <br><\/strong><br><img loading=\"lazy\" decoding=\"async\" width=\"140\" height=\"140\" class=\"alignnone wp-image-1153\" src=\"https:\/\/sicherewiesn.de\/wordpress\/wp-content\/uploads\/2020\/08\/Gleichstl_logo_2020.png\" alt=\"\" srcset=\"https:\/\/sicherewiesn.de\/wordpress\/wp-content\/uploads\/2020\/08\/Gleichstl_logo_2020.png 200w, https:\/\/sicherewiesn.de\/wordpress\/wp-content\/uploads\/2020\/08\/Gleichstl_logo_2020-150x150.png 150w\" sizes=\"auto, (max-width: 140px) 100vw, 140px\" \/><\/p>\n\n\n\n<hr class=\"wp-block-separator has-alpha-channel-opacity\"\/>\n\n\n\n<p><\/p>\n\n\n\n<hr class=\"wp-block-separator has-alpha-channel-opacity\"\/>\n\n\n\n<p>Mit freundlicher Unterst\u00fctzung des <strong>Stadtjugendamts<\/strong>.<br><img loading=\"lazy\" decoding=\"async\" class=\"alignnone size-full wp-image-366\" src=\"\/\/sicherewiesn.de\/wordpress\/wp-content\/uploads\/2016\/06\/logo_sozialreferat_stja.gif\" alt=\"logo_sozialreferat_stja\" width=\"134\" height=\"46\"><\/p>\n\n\n\n<hr class=\"wp-block-separator has-alpha-channel-opacity\"\/>\n\n\n\n<p><span class=\"link\"><strong>Martina Frank <\/strong><\/span>Illustration und Design entwickelte das neue Design der Aktion im Jahr 2021 und unterst\u00fctzt in der Umsetzung von \u00c4nderungen und neuen Printmaterialien.<\/p>\n\n\n\n<hr class=\"wp-block-separator has-alpha-channel-opacity\"\/>\n\n\n\n<p>Mit freundlicher Unterst\u00fctzung der <strong>Wiesnwirt*innen<\/strong>.<\/p>\n\n\n<div class=\"wp-block-image\">\n<figure class=\"aligncenter\"><img loading=\"lazy\" decoding=\"async\" width=\"300\" height=\"152\" src=\"https:\/\/sicherewiesn.de\/wordpress\/wp-content\/uploads\/2022\/06\/wiesn-stiftung-696x352-1-300x152.jpg\" alt=\"\" class=\"wp-image-1416\" srcset=\"https:\/\/sicherewiesn.de\/wordpress\/wp-content\/uploads\/2022\/06\/wiesn-stiftung-696x352-1-300x152.jpg 300w, https:\/\/sicherewiesn.de\/wordpress\/wp-content\/uploads\/2022\/06\/wiesn-stiftung-696x352-1-600x303.jpg 600w, https:\/\/sicherewiesn.de\/wordpress\/wp-content\/uploads\/2022\/06\/wiesn-stiftung-696x352-1.jpg 696w\" sizes=\"auto, (max-width: 300px) 100vw, 300px\" \/><\/figure>\n<\/div>\n\n\n<hr class=\"wp-block-separator has-alpha-channel-opacity\"\/>\n\n\n\n<p>Das <strong>Britische Konsulat<\/strong> unterst\u00fctzte uns im Jahr 2016 nicht nur mit einer Spende, sondern auch mit einer kostenlosen \u00dcbersetzung der neuen Tipps ins Englische.<br><img loading=\"lazy\" decoding=\"async\" class=\"alignnone wp-image-630 size-full\" src=\"\/\/sicherewiesn.de\/wordpress\/wp-content\/uploads\/2016\/06\/british_consulate-e1473940489512.jpg\" alt=\"Logo des britischen Konsulats\" width=\"130\" height=\"102\"><\/p>\n\n\n\n<hr class=\"wp-block-separator has-alpha-channel-opacity\"\/>\n\n\n\n<p><strong>Unterst\u00fctzen auch Sie unsere Aktion und werden Sie Partner*in!<\/strong><\/p>\n\n\n\n<hr class=\"wp-block-separator has-alpha-channel-opacity\"\/>\n\n\n\n<p><a href=\"\/\/sicherewiesn.de\/wordpress\/\">\u2039 zur\u00fcck zur Startseite<\/a><\/p>\n\n\n\n<p><\/p>\n<div class=\"shariff shariff-align-left shariff-widget-align-left\" data-services=\"facebook\" data-url=\"https:\/\/sicherewiesn.de\/wordpress\/ueber-die-aktion\/partnerinnen\/\" data-timestamp=\"1754491831\" data-backendurl=\"https:\/\/sicherewiesn.de\/wordpress\/wp-json\/shariff\/v1\/share_counts?\"><div class=\"ShariffHeadline\">Teile diesen Beitrag<\/div><ul class=\"shariff-buttons theme-round orientation-horizontal buttonsize-medium\"><li class=\"shariff-button facebook shariff-nocustomcolor\" style=\"background-color:#4273c8\"><a href=\"https:\/\/www.facebook.com\/sharer\/sharer.php?u=https%3A%2F%2Fsicherewiesn.de%2Fwordpress%2Fueber-die-aktion%2Fpartnerinnen%2F\" title=\"Bei Facebook teilen\" aria-label=\"Bei Facebook teilen\" role=\"button\" rel=\"nofollow\" class=\"shariff-link\" style=\"; background-color:#3b5998; color:#fff\" target=\"_blank\"><span class=\"shariff-icon\" style=\"\"><svg width=\"32px\" height=\"20px\" xmlns=\"http:\/\/www.w3.org\/2000\/svg\" viewBox=\"0 0 18 32\"><path fill=\"#3b5998\" d=\"M17.1 0.2v4.7h-2.8q-1.5 0-2.1 0.6t-0.5 1.9v3.4h5.2l-0.7 5.3h-4.5v13.6h-5.5v-13.6h-4.5v-5.3h4.5v-3.9q0-3.3 1.9-5.2t5-1.8q2.6 0 4.1 0.2z\"\/><\/svg><\/span><\/a><\/li><li class=\"shariff-button twitter shariff-nocustomcolor\" style=\"background-color:#595959\"><a href=\"https:\/\/twitter.com\/share?url=https%3A%2F%2Fsicherewiesn.de%2Fwordpress%2Fueber-die-aktion%2Fpartnerinnen%2F&text=Unsere%20Partner%2Ainnen\" title=\"Bei X teilen\" aria-label=\"Bei X teilen\" role=\"button\" rel=\"noopener nofollow\" class=\"shariff-link\" style=\"; background-color:#000; color:#fff\" target=\"_blank\"><span class=\"shariff-icon\" style=\"\"><svg width=\"32px\" height=\"20px\" xmlns=\"http:\/\/www.w3.org\/2000\/svg\" viewBox=\"0 0 24 24\"><path fill=\"#000\" d=\"M14.258 10.152L23.176 0h-2.113l-7.747 8.813L7.133 0H0l9.352 13.328L0 23.973h2.113l8.176-9.309 6.531 9.309h7.133zm-2.895 3.293l-.949-1.328L2.875 1.56h3.246l6.086 8.523.945 1.328 7.91 11.078h-3.246zm0 0\"\/><\/svg><\/span><\/a><\/li><li class=\"shariff-button whatsapp shariff-nocustomcolor\" style=\"background-color:#5cbe4a\"><a href=\"https:\/\/api.whatsapp.com\/send?text=https%3A%2F%2Fsicherewiesn.de%2Fwordpress%2Fueber-die-aktion%2Fpartnerinnen%2F%20Unsere%20Partner%2Ainnen\" title=\"Bei Whatsapp teilen\" aria-label=\"Bei Whatsapp teilen\" role=\"button\" rel=\"noopener nofollow\" class=\"shariff-link\" style=\"; background-color:#34af23; color:#fff\" target=\"_blank\"><span class=\"shariff-icon\" style=\"\"><svg width=\"32px\" height=\"20px\" xmlns=\"http:\/\/www.w3.org\/2000\/svg\" viewBox=\"0 0 32 32\"><path fill=\"#34af23\" d=\"M17.6 17.4q0.2 0 1.7 0.8t1.6 0.9q0 0.1 0 0.3 0 0.6-0.3 1.4-0.3 0.7-1.3 1.2t-1.8 0.5q-1 0-3.4-1.1-1.7-0.8-3-2.1t-2.6-3.3q-1.3-1.9-1.3-3.5v-0.1q0.1-1.6 1.3-2.8 0.4-0.4 0.9-0.4 0.1 0 0.3 0t0.3 0q0.3 0 0.5 0.1t0.3 0.5q0.1 0.4 0.6 1.6t0.4 1.3q0 0.4-0.6 1t-0.6 0.8q0 0.1 0.1 0.3 0.6 1.3 1.8 2.4 1 0.9 2.7 1.8 0.2 0.1 0.4 0.1 0.3 0 1-0.9t0.9-0.9zM14 26.9q2.3 0 4.3-0.9t3.6-2.4 2.4-3.6 0.9-4.3-0.9-4.3-2.4-3.6-3.6-2.4-4.3-0.9-4.3 0.9-3.6 2.4-2.4 3.6-0.9 4.3q0 3.6 2.1 6.6l-1.4 4.2 4.3-1.4q2.8 1.9 6.2 1.9zM14 2.2q2.7 0 5.2 1.1t4.3 2.9 2.9 4.3 1.1 5.2-1.1 5.2-2.9 4.3-4.3 2.9-5.2 1.1q-3.5 0-6.5-1.7l-7.4 2.4 2.4-7.2q-1.9-3.2-1.9-6.9 0-2.7 1.1-5.2t2.9-4.3 4.3-2.9 5.2-1.1z\"\/><\/svg><\/span><\/a><\/li><\/ul><\/div>","protected":false},"excerpt":{"rendered":"<p>Viele Unternehmen, \u00f6ffentliche Geldgeber*innen und Organisationen unterst\u00fctzen uns bereits finanziell oder logistisch und machen die Aktion &#8222;Sichere Wiesn f\u00fcr M\u00e4dchen* und Frauen* \u00fcberhaupt erst m\u00f6glich! Vielen herzlichen Dank daf\u00fcr! Wenn auch Sie Partner*in werden m\u00f6chten, kontaktieren Sie uns gerne. Seit Gr\u00fcndung im Jahr 1997 initiiert und unterst\u00fctzt die Deutsche Kinderschutzstiftung H\u00e4nsel + Gretel Kinderschutzprojekte, die &#8230; <a title=\"Unsere Partner*innen\" class=\"read-more\" href=\"https:\/\/sicherewiesn.de\/wordpress\/ueber-die-aktion\/partnerinnen\/\" aria-label=\"Mehr Informationen \u00fcber Unsere Partner*innen\">Weiterlesen &#8230;<\/a><\/p>\n","protected":false},"author":1,"featured_media":0,"parent":143,"menu_order":4,"comment_status":"closed","ping_status":"closed","template":"","meta":{"generate_page_header":"","footnotes":""},"class_list":{"0":"post-115","1":"page","2":"type-page","3":"status-publish","5":"infinite-scroll-item"},"_links":{"self":[{"href":"https:\/\/sicherewiesn.de\/wordpress\/wp-json\/wp\/v2\/pages\/115","targetHints":{"allow":["GET"]}}],"collection":[{"href":"https:\/\/sicherewiesn.de\/wordpress\/wp-json\/wp\/v2\/pages"}],"about":[{"href":"https:\/\/sicherewiesn.de\/wordpress\/wp-json\/wp\/v2\/types\/page"}],"author":[{"embeddable":true,"href":"https:\/\/sicherewiesn.de\/wordpress\/wp-json\/wp\/v2\/users\/1"}],"replies":[{"embeddable":true,"href":"https:\/\/sicherewiesn.de\/wordpress\/wp-json\/wp\/v2\/comments?post=115"}],"version-history":[{"count":25,"href":"https:\/\/sicherewiesn.de\/wordpress\/wp-json\/wp\/v2\/pages\/115\/revisions"}],"predecessor-version":[{"id":2179,"href":"https:\/\/sicherewiesn.de\/wordpress\/wp-json\/wp\/v2\/pages\/115\/revisions\/2179"}],"up":[{"embeddable":true,"href":"https:\/\/sicherewiesn.de\/wordpress\/wp-json\/wp\/v2\/pages\/143"}],"wp:attachment":[{"href":"https:\/\/sicherewiesn.de\/wordpress\/wp-json\/wp\/v2\/media?parent=115"}],"curies":[{"name":"wp","href":"https:\/\/api.w.org\/{rel}","templated":true}]}}