{"id":113,"date":"2016-06-17T06:40:38","date_gmt":"2016-06-17T06:40:38","guid":{"rendered":"http:\/\/sicherewiesn.de\/wordpress\/?page_id=113"},"modified":"2024-06-17T13:30:43","modified_gmt":"2024-06-17T13:30:43","slug":"auszeichnungen","status":"publish","type":"page","link":"https:\/\/sicherewiesn.de\/wordpress\/ueber-die-aktion\/auszeichnungen\/","title":{"rendered":"Auszeichnungen"},"content":{"rendered":"<h2>H\u00e4nsel + Gretel Stiftungspreis 2023<\/h2>\n<h2>Ehrenamtsnachweis Bayern\u00a02015<\/h2>\n<p>Die Ehrenamtlichen der Aktion &#8222;Sichere Wiesn f\u00fcr M\u00e4dchen* und Frauen*&#8220; sind das Herzst\u00fcck des Safe Space (ehemalig als Security Point bekannt). Dieses Jahr wurde ihnen eine besondere W\u00fcrdigung zuteil: Sozialstaatssekret\u00e4r Johannes Hintersberger verlieh ihnen Ehrenamtsnachweise im Rahmen einer feierlichen Veranstaltung im Sozialministerium. Mit dem Ehrenamtsnachweis wird Menschen gedankt, die sich kontinuierlich engagieren. Er wurde von den Verb\u00e4nden der Freien Wohlfahrtspflege Bayern auf Initiative des Katholischen Frauenbunds in Bayern mit Unterst\u00fctzung des Bayerischen Sozialministeriums geschaffen.<\/p>\n<figure id=\"attachment_355\" aria-describedby=\"caption-attachment-355\" style=\"width: 490px\" class=\"wp-caption alignnone\"><img loading=\"lazy\" decoding=\"async\" class=\"wp-image-355\" src=\"\/\/sicherewiesn.de\/wordpress\/wp-content\/uploads\/2016\/06\/Festakt_EANachweis_Parit\u00e4tischer2015_verkleinert-1024x682.jpg\" alt=\"Verleihung Ehrenamtsnachweis\" width=\"500\" height=\"333\" srcset=\"https:\/\/sicherewiesn.de\/wordpress\/wp-content\/uploads\/2016\/06\/Festakt_EANachweis_Parit\u00e4tischer2015_verkleinert-1024x682.jpg 1024w, https:\/\/sicherewiesn.de\/wordpress\/wp-content\/uploads\/2016\/06\/Festakt_EANachweis_Parit\u00e4tischer2015_verkleinert-300x200.jpg 300w, https:\/\/sicherewiesn.de\/wordpress\/wp-content\/uploads\/2016\/06\/Festakt_EANachweis_Parit\u00e4tischer2015_verkleinert-768x512.jpg 768w, https:\/\/sicherewiesn.de\/wordpress\/wp-content\/uploads\/2016\/06\/Festakt_EANachweis_Parit\u00e4tischer2015_verkleinert.jpg 1181w\" sizes=\"auto, (max-width: 500px) 100vw, 500px\" \/><figcaption id=\"caption-attachment-355\" class=\"wp-caption-text\">Verleihung Ehrenamtsnachweis<\/figcaption><\/figure>\n<p>Foto: Parit\u00e4tischer Bayern | v.l.n.r. Alexandra Stigger (ehemalig Frauennotruf M\u00fcnchen), Staatssekret\u00e4r Hintersberger, Rebecca Huber (Aktion &#8222;Sichere Wiesn f\u00fcr M\u00e4dchen* und Frauen*&#8220;), Christa Weigl-Schneider (Vorsitzende des Verbandsrats des Parit\u00e4tischen in Bayern)<\/p>\n<h2><strong>Ehrenpreis der Wiesn-Wirte 2014<\/strong><\/h2>\n<p>Die Wiesn sicherer f\u00fcr Frauen* und M\u00e4dchen* zu machen, ist Ziel der Aktion. Dass dieses Engagement eine Bereichung f\u00fcr die Wiesn insgesamt ist, wurde durch die Verleihung des Ehrenprei-ses der Wiesenwirte deutlich. Der Preis, der am 28.09 der Aktion \u201eSichere Wiesn f\u00fcr M\u00e4dchen* und Frauen*&#8220; verliehen wurde, ist eine besondere Anerkennung und W\u00fcrdigung.<\/p>\n<h2><strong>Anita Augspurg Preis der Landeshauptstadt M\u00fcnchen 2009<\/strong><\/h2>\n<p>Die Aktion \u201eSichere Wiesn f\u00fcr M\u00e4dchen* und Frauen*\u201c wurde mit dem Anita Augspurg Preis der Landeshauptstadt M\u00fcnchen f\u00fcr besondere Verdienste f\u00fcr die Gleichstellung von M\u00e4dchen* und Frauen* in der Stadt M\u00fcnchen ausgezeichnet: \u201eDie Aktion \u201eSichere Wiesn f\u00fcr M\u00e4dchen* und Frauen*\u201c hat mit jahrelanger Ausdauer, vorbildlichem Elan und hoher Fachkompetenz die Sicherheitssituation von vielen M\u00e4dchen* und Frauen* auf dem Oktoberfest nachhaltig verbessert. Mit der konsequenten Ausrichtung am Selbstbestimmungsrecht von M\u00e4dchen* und Frauen* und ihrem hohen innovativen und gleichstellungspolitischem Anspruch erf\u00fcllt die \u201eAktion Sichere Wiesn\u201c die Kriterien des Anita Augspurg Preises in herausragender Art und Weise\u201c, so die Jury.<\/p>\n<figure id=\"attachment_356\" aria-describedby=\"caption-attachment-356\" style=\"width: 490px\" class=\"wp-caption alignnone\"><img loading=\"lazy\" decoding=\"async\" class=\"wp-image-356\" src=\"\/\/sicherewiesn.de\/wordpress\/wp-content\/uploads\/2016\/06\/aap_2010_web.jpg\" alt=\"Anita-Augspurg-Preis\" width=\"500\" height=\"356\" srcset=\"https:\/\/sicherewiesn.de\/wordpress\/wp-content\/uploads\/2016\/06\/aap_2010_web.jpg 600w, https:\/\/sicherewiesn.de\/wordpress\/wp-content\/uploads\/2016\/06\/aap_2010_web-300x214.jpg 300w\" sizes=\"auto, (max-width: 500px) 100vw, 500px\" \/><figcaption id=\"caption-attachment-356\" class=\"wp-caption-text\">Anita-Augspurg-Preis<\/figcaption><\/figure>\n<p>Die gl\u00fccklichen Preistr\u00e4gerinnen mit der Gratulantin Lydia Dietrich, die stellvertretend den Preis \u00fcberreichte<\/p>\n<h2><strong>Inge-Gabert-Preis 2006<\/strong><\/h2>\n<h2><strong>H\u00e4nsel+Gretel-Preis 2003<\/strong><\/h2>\n<hr \/>\n<p><a href=\"\/\/sicherewiesn.de\/wordpress\/\">\u2039 zur\u00fcck zur Startseite<\/a><\/p>\n<div class=\"shariff shariff-align-left shariff-widget-align-left\" data-services=\"facebook\" data-url=\"https:\/\/sicherewiesn.de\/wordpress\/ueber-die-aktion\/auszeichnungen\/\" data-timestamp=\"1718631043\" data-backendurl=\"https:\/\/sicherewiesn.de\/wordpress\/wp-json\/shariff\/v1\/share_counts?\"><div class=\"ShariffHeadline\">Teile diesen Beitrag<\/div><ul class=\"shariff-buttons theme-round orientation-horizontal buttonsize-medium\"><li class=\"shariff-button facebook shariff-nocustomcolor\" style=\"background-color:#4273c8\"><a href=\"https:\/\/www.facebook.com\/sharer\/sharer.php?u=https%3A%2F%2Fsicherewiesn.de%2Fwordpress%2Fueber-die-aktion%2Fauszeichnungen%2F\" title=\"Bei Facebook teilen\" aria-label=\"Bei Facebook teilen\" role=\"button\" rel=\"nofollow\" class=\"shariff-link\" style=\"; background-color:#3b5998; color:#fff\" target=\"_blank\"><span class=\"shariff-icon\" style=\"\"><svg width=\"32px\" height=\"20px\" xmlns=\"http:\/\/www.w3.org\/2000\/svg\" viewBox=\"0 0 18 32\"><path fill=\"#3b5998\" d=\"M17.1 0.2v4.7h-2.8q-1.5 0-2.1 0.6t-0.5 1.9v3.4h5.2l-0.7 5.3h-4.5v13.6h-5.5v-13.6h-4.5v-5.3h4.5v-3.9q0-3.3 1.9-5.2t5-1.8q2.6 0 4.1 0.2z\"\/><\/svg><\/span><\/a><\/li><li class=\"shariff-button twitter shariff-nocustomcolor\" style=\"background-color:#595959\"><a href=\"https:\/\/twitter.com\/share?url=https%3A%2F%2Fsicherewiesn.de%2Fwordpress%2Fueber-die-aktion%2Fauszeichnungen%2F&text=Auszeichnungen\" title=\"Bei X teilen\" aria-label=\"Bei X teilen\" role=\"button\" rel=\"noopener nofollow\" class=\"shariff-link\" style=\"; background-color:#000; color:#fff\" target=\"_blank\"><span class=\"shariff-icon\" style=\"\"><svg width=\"32px\" height=\"20px\" xmlns=\"http:\/\/www.w3.org\/2000\/svg\" viewBox=\"0 0 24 24\"><path fill=\"#000\" d=\"M14.258 10.152L23.176 0h-2.113l-7.747 8.813L7.133 0H0l9.352 13.328L0 23.973h2.113l8.176-9.309 6.531 9.309h7.133zm-2.895 3.293l-.949-1.328L2.875 1.56h3.246l6.086 8.523.945 1.328 7.91 11.078h-3.246zm0 0\"\/><\/svg><\/span><\/a><\/li><li class=\"shariff-button whatsapp shariff-nocustomcolor\" style=\"background-color:#5cbe4a\"><a href=\"https:\/\/api.whatsapp.com\/send?text=https%3A%2F%2Fsicherewiesn.de%2Fwordpress%2Fueber-die-aktion%2Fauszeichnungen%2F%20Auszeichnungen\" title=\"Bei Whatsapp teilen\" aria-label=\"Bei Whatsapp teilen\" role=\"button\" rel=\"noopener nofollow\" class=\"shariff-link\" style=\"; background-color:#34af23; color:#fff\" target=\"_blank\"><span class=\"shariff-icon\" style=\"\"><svg width=\"32px\" height=\"20px\" xmlns=\"http:\/\/www.w3.org\/2000\/svg\" viewBox=\"0 0 32 32\"><path fill=\"#34af23\" d=\"M17.6 17.4q0.2 0 1.7 0.8t1.6 0.9q0 0.1 0 0.3 0 0.6-0.3 1.4-0.3 0.7-1.3 1.2t-1.8 0.5q-1 0-3.4-1.1-1.7-0.8-3-2.1t-2.6-3.3q-1.3-1.9-1.3-3.5v-0.1q0.1-1.6 1.3-2.8 0.4-0.4 0.9-0.4 0.1 0 0.3 0t0.3 0q0.3 0 0.5 0.1t0.3 0.5q0.1 0.4 0.6 1.6t0.4 1.3q0 0.4-0.6 1t-0.6 0.8q0 0.1 0.1 0.3 0.6 1.3 1.8 2.4 1 0.9 2.7 1.8 0.2 0.1 0.4 0.1 0.3 0 1-0.9t0.9-0.9zM14 26.9q2.3 0 4.3-0.9t3.6-2.4 2.4-3.6 0.9-4.3-0.9-4.3-2.4-3.6-3.6-2.4-4.3-0.9-4.3 0.9-3.6 2.4-2.4 3.6-0.9 4.3q0 3.6 2.1 6.6l-1.4 4.2 4.3-1.4q2.8 1.9 6.2 1.9zM14 2.2q2.7 0 5.2 1.1t4.3 2.9 2.9 4.3 1.1 5.2-1.1 5.2-2.9 4.3-4.3 2.9-5.2 1.1q-3.5 0-6.5-1.7l-7.4 2.4 2.4-7.2q-1.9-3.2-1.9-6.9 0-2.7 1.1-5.2t2.9-4.3 4.3-2.9 5.2-1.1z\"\/><\/svg><\/span><\/a><\/li><\/ul><\/div>","protected":false},"excerpt":{"rendered":"<p>H\u00e4nsel + Gretel Stiftungspreis 2023 Ehrenamtsnachweis Bayern\u00a02015 Die Ehrenamtlichen der Aktion &#8222;Sichere Wiesn f\u00fcr M\u00e4dchen* und Frauen*&#8220; sind das Herzst\u00fcck des Safe Space (ehemalig als Security Point bekannt). Dieses Jahr wurde ihnen eine besondere W\u00fcrdigung zuteil: Sozialstaatssekret\u00e4r Johannes Hintersberger verlieh ihnen Ehrenamtsnachweise im Rahmen einer feierlichen Veranstaltung im Sozialministerium. Mit dem Ehrenamtsnachweis wird Menschen gedankt, &#8230; <a title=\"Auszeichnungen\" class=\"read-more\" href=\"https:\/\/sicherewiesn.de\/wordpress\/ueber-die-aktion\/auszeichnungen\/\" aria-label=\"Mehr Informationen \u00fcber Auszeichnungen\">Weiterlesen &#8230;<\/a><\/p>\n","protected":false},"author":1,"featured_media":0,"parent":143,"menu_order":3,"comment_status":"closed","ping_status":"closed","template":"","meta":{"generate_page_header":"","footnotes":""},"class_list":{"0":"post-113","1":"page","2":"type-page","3":"status-publish","5":"infinite-scroll-item"},"_links":{"self":[{"href":"https:\/\/sicherewiesn.de\/wordpress\/wp-json\/wp\/v2\/pages\/113","targetHints":{"allow":["GET"]}}],"collection":[{"href":"https:\/\/sicherewiesn.de\/wordpress\/wp-json\/wp\/v2\/pages"}],"about":[{"href":"https:\/\/sicherewiesn.de\/wordpress\/wp-json\/wp\/v2\/types\/page"}],"author":[{"embeddable":true,"href":"https:\/\/sicherewiesn.de\/wordpress\/wp-json\/wp\/v2\/users\/1"}],"replies":[{"embeddable":true,"href":"https:\/\/sicherewiesn.de\/wordpress\/wp-json\/wp\/v2\/comments?post=113"}],"version-history":[{"count":8,"href":"https:\/\/sicherewiesn.de\/wordpress\/wp-json\/wp\/v2\/pages\/113\/revisions"}],"predecessor-version":[{"id":1945,"href":"https:\/\/sicherewiesn.de\/wordpress\/wp-json\/wp\/v2\/pages\/113\/revisions\/1945"}],"up":[{"embeddable":true,"href":"https:\/\/sicherewiesn.de\/wordpress\/wp-json\/wp\/v2\/pages\/143"}],"wp:attachment":[{"href":"https:\/\/sicherewiesn.de\/wordpress\/wp-json\/wp\/v2\/media?parent=113"}],"curies":[{"name":"wp","href":"https:\/\/api.w.org\/{rel}","templated":true}]}}